{"id":6664,"date":"2024-01-24T11:20:20","date_gmt":"2024-01-24T10:20:20","guid":{"rendered":"https:\/\/www.mijnvergelijker.be\/wordpress\/?page_id=6664"},"modified":"2024-09-26T15:15:54","modified_gmt":"2024-09-26T13:15:54","slug":"belfius-direct-assurances","status":"publish","type":"page","link":"https:\/\/www.comparateur.be\/assurance-obseques\/assureurs\/belfius-direct-assurances","title":{"rendered":"Belfius Direct Assurances"},"content":{"rendered":"\n<section id=\"heroes-text-block_65b0bbff67f80\" class=\"heroes-text hero hero--text\">\n    <div class=\"container\">\n                    <h1 class=\"heading-xl mb-md-40\">Assurance Fun\u00e9railles Belfius Direct Assurances<\/h1>\n                <div class=\"wysiwyg body-lg mb-md-40\">\n            <p>\n            Belfius Direct Assurances est un assureur solide, 100% belge. Gr\u00e2ce \u00e0 leur Assurance Fun\u00e9railles, vous soulagez votre famille des frais et des soucis li\u00e9s \u00e0 vos obs\u00e8ques.  \r\n            <\/p>\n        <\/div>\n                    <div class=\"button-container\">\n                <a href=\"\/assurance-obseques\" class=\"button button--primary \" type=\"primary\">\n                    <span class=\"d-flex align-items-center\">\n                        comparez les assurances obs\u00e8ques                        <svg xmlns=\"http:\/\/www.w3.org\/2000\/svg\" width=\"22\" height=\"22\" viewBox=\"0 0 24 24\" fill=\"none\" class=\"arrow-right\"><path d=\"M5 12H19\" stroke-width=\"2\" stroke-linecap=\"round\" stroke-linejoin=\"round\"\/><path d=\"M12 5L19 12L12 19\" stroke-width=\"2\" stroke-linecap=\"round\" stroke-linejoin=\"round\"\/><\/svg>                    <\/span>\n                <\/a>\n            <\/div>\n                        <\/section>\n\n\n    <style>\r\n        html {\r\n            scroll-behavior: smooth;\r\n        }\r\n    <\/style>\r\n\r\n            <section class=\"section\">\r\n        <div class=\"container article-smooth\">\r\n        <div class=\"row\">\r\n        <div class=\"col-12 col-md-6 col-lg-8\" id=\"main-article\"  data-anchor-class=\"title\" >\r\n                <!-- <section class=\"section\"> -->\r\n        <div id=\"article-block_65b0bc4167f81\"\r\n         class=\"article \">\r\n                                            <h2 class=\"title\" id=\"quest-ce-que-lassurance-funrailles-de-belfius-direct-assurances-\">Qu&rsquo;est-ce que l&rsquo;Assurance Fun\u00e9railles de Belfius Direct Assurances ?<\/h2>\r\n                                                                        <!-- <div class=\"articleblock\"> -->\r\n                                                                            <p><span style=\"font-weight: 400;\">Si vous souscrivez une Assurance Fun\u00e9railles chez <\/span><a href=\"https:\/\/www.comparateur.be\/assurances\/assureurs\/belfius-direct-assurances\"><span style=\"font-weight: 400;\">Belfius Direct Assurances<\/span><\/a><span style=\"font-weight: 400;\">, vous pouvez choisir vous-m\u00eame le montant assur\u00e9, allant de 2.250\u20ac \u00e0 10.000\u20ac. Apr\u00e8s votre d\u00e9c\u00e8s, le capital convenu est vers\u00e9 \u00e0 vos proches ou \u00e0 votre entreprise de pompes fun\u00e8bres. Entretemps, vous payez une prime annuelle ou mensuelle pendant 10, 15 ou 20 ans. Belfius Direct Assurances n\u2019augmente jamais votre prime et les montants pay\u00e9s ne sont pas d\u00e9ductibles fiscalement.<\/span><\/p>\n<p><span style=\"font-weight: 400;\">Apr\u00e8s votre d\u00e9c\u00e8s, vos proches re\u00e7oivent le capital assur\u00e9. De cette fa\u00e7on, ils pourront payer l\u2019enterrement ou la cr\u00e9mation, sans se soucier des aspects financiers de votre d\u00e9c\u00e8s, et se consacrer enti\u00e8rement au processus de deuil.<\/span><\/p>\n                                                <!-- <\/div> -->\r\n                                                                                                    <h2 class=\"title\" id=\"les-avantages-de-lassurance-funrailles-de-belfius-direct-assurances\">Les avantages de l\u2019Assurance Fun\u00e9railles de Belfius Direct Assurances<\/h2>\r\n                                                                        <!-- <div class=\"articleblock\"> -->\r\n                                                                            <ul>\n<li aria-level=\"1\"><b>Pas de certificat m\u00e9dical requis : <\/b><span style=\"font-weight: 400;\">Belfius Direct Assurances ne tient pas compte de votre \u00e9tat de sant\u00e9 lorsque vous souscrivez l\u2019Assurance Fun\u00e9railles.\u00a0<\/span><\/li>\n<li aria-level=\"1\"><b>Les enfants de moins de 18 ans sont assur\u00e9s : <\/b><span style=\"font-weight: 400;\">les enfants cohabitants \u00e2g\u00e9s de 6 mois \u00e0 17 ans sont assur\u00e9s gratuitement. Le capital maximum pay\u00e9 par Belfius Direct Assurances en cas de d\u00e9c\u00e8s d\u2019un enfant assur\u00e9 se limite \u00e0 2.500\u20ac. A partir de l\u2019\u00e2ge de 18 ans, les enfants ne sont plus couverts. Consultez les conditions g\u00e9n\u00e9rales pour en savoir plus.<\/span><\/li>\n<li aria-level=\"1\"><b>Rapatriement depuis l\u2019\u00e9tranger : <\/b><span style=\"font-weight: 400;\">en cas de d\u00e9c\u00e8s \u00e0 l\u2019\u00e9tranger, Belfius Direct Assurances paie le rapatriement en Belgique. L\u2019assureur couvre aussi les frais de cercueil \u00e0 concurrence de 1.500\u20ac ainsi que les frais de traitement fun\u00e9raire et de mise en bi\u00e8re.<\/span><\/li>\n<li aria-level=\"1\"><b>Libre choix d\u2019entreprise de pompes fun\u00e8bres <\/b><span style=\"font-weight: 400;\">: vous pouvez choisir vous-m\u00eame l\u2019entreprise de pompes fun\u00e8bres qui organisera les obs\u00e8ques.\u00a0<\/span><\/li>\n<\/ul>\n                                                <!-- <\/div> -->\r\n                                                                                                    <h2 class=\"title\" id=\"comment-belfius-direct-assurances-dtermine-t-elle-la-prime-\">Comment Belfius Direct Assurances d\u00e9termine-t-elle la prime ?<\/h2>\r\n                                                                        <!-- <div class=\"articleblock\"> -->\r\n                                                                            <p><span style=\"font-weight: 400;\">Le prix de l\u2019Assurance Fun\u00e9railles d\u00e9pend de votre situation personnelle. Il s\u2019agit entre autres de :\u00a0<\/span><\/p>\n<ul>\n<li style=\"font-weight: 400;\" aria-level=\"1\"><b>L\u2019\u00e2ge de l\u2019assur\u00e9 <\/b><span style=\"font-weight: 400;\">: plus votre \u00e2ge est avanc\u00e9 au moment de souscrire l\u2019assurance, plus la prime sera \u00e9lev\u00e9e.\u00a0<\/span><\/li>\n<li style=\"font-weight: 400;\" aria-level=\"1\"><b>Le montant assur\u00e9 <\/b><span style=\"font-weight: 400;\">: plus le montant assur\u00e9 est \u00e9lev\u00e9, plus la prime sera \u00e9lev\u00e9e. <\/span><\/li>\n<\/ul>\n<p><span style=\"font-weight: 400;\">Vous voulez savoir quelle formule d\u2019assurance obs\u00e8ques r\u00e9pond au mieux \u00e0 votre situation personnelle et \u00e0 vos attentes ? <\/span><a href=\"https:\/\/www.comparateur.be\/assurance-obseques\"><span style=\"font-weight: 400;\">Comparez diff\u00e9rents assureurs d\u2019obs\u00e8ques<\/span><\/a><span style=\"font-weight: 400;\"> et souscrivez le contrat le plus avantageux.<\/span><\/p>\n                                                <!-- <\/div> -->\r\n                                                                                                    <h2 class=\"title\" id=\"pas-de-petits-caractres\">Pas de petits caract\u00e8res<\/h2>\r\n                                                                        <!-- <div class=\"articleblock\"> -->\r\n                                                                            <p><span style=\"font-weight: 400;\">Belfius Direct Assurances communique en toute transparence ce qui est couvert et ce qui ne l\u2019est pas. La m\u00e9thode de calcul du capital assur\u00e9 d\u00e9pend de trois types de crit\u00e8res : les crit\u00e8res d\u2019acceptation, de tarification et de segmentation.\u00a0<\/span><\/p>\n<ul>\n<li style=\"font-weight: 400;\" aria-level=\"1\"><b>Capital vers\u00e9 \u00e0 une personne sp\u00e9cifique : <\/b><span style=\"font-weight: 400;\">Belfius Direct Assurances verse le capital assur\u00e9 \u00e0 la personne qui paie ou effectue les obs\u00e8ques.\u00a0<\/span><\/li>\n<li style=\"font-weight: 400;\" aria-level=\"1\"><b>Hauteur du capital pay\u00e9 <\/b><span style=\"font-weight: 400;\">: Belfius Direct Assurances paie au maximum le capital assur\u00e9. Si l&rsquo;assur\u00e9 d\u00e9c\u00e8de de mort naturelle ou de maladie au cours des 2 premi\u00e8res ann\u00e9es suivant la date de prise d\u2019effet du contrat, un montant limit\u00e9 est vers\u00e9.<\/span><\/li>\n<li style=\"font-weight: 400;\" aria-level=\"1\"><b>Pas d\u2019avantage fiscal <\/b><span style=\"font-weight: 400;\">: les primes et versements ne sont pas d\u00e9ductibles fiscalement.<\/span><\/li>\n<li style=\"font-weight: 400;\" aria-level=\"1\"><b>Pas de participation b\u00e9n\u00e9ficiaire : <\/b><span style=\"font-weight: 400;\">aucune participation b\u00e9n\u00e9ficiaire<\/span> <span style=\"font-weight: 400;\">n\u2019est pr\u00e9vue pour l&rsquo;Assurance Fun\u00e9railles.\u00a0<\/span><\/li>\n<\/ul>\n<p><span style=\"font-weight: 400;\">L\u2019Assurance Fun\u00e9railles est une assurance vie individuelle (branche 21), qui est souscrite \u00e0 vie. Dans certains cas, le preneur d&rsquo;assurance peut demander le rachat du contrat si l\u2019assur\u00e9 est encore en vie. Le contrat prend fin automatiquement lors du d\u00e9c\u00e8s de l\u2019assur\u00e9.\u00a0<\/span><\/p>\n<p><span style=\"font-weight: 400;\">L\u2019Assurance Fun\u00e9railles est un produit d\u2019assurance de droit belge de Belfius Direct Assurances, nom commercial de Belfius Insurance SA, place Charles Rogier 11, 1210 Bruxelles, RPM Bruxelles TVA BE 0405.764.064, entreprise d&rsquo;assurances agr\u00e9\u00e9e sous le num\u00e9ro 0037.<\/span><\/p>\n                                                <!-- <\/div> -->\r\n                                                                                                    <h2 class=\"title\" id=\"documents-et-liens-importants\">Documents et liens importants<\/h2>\r\n                                                                        <!-- <div class=\"articleblock\"> -->\r\n                                                                            <p><span style=\"font-weight: 400;\">Avant de signer un contrat, vous \u00eates pri\u00e9 de prendre connaissance des documents ci-dessous. Lorsque vous cliquez sur les liens, vous arrivez sur le site web de Belfius Direct Assurances.\u00a0<\/span><\/p>\n<ul>\n<li style=\"font-weight: 400;\" aria-level=\"1\"><a href=\"https:\/\/www.belfiusdirect.be\/media\/zt4facel\/infofiche-uitvaartverzekering_fr.pdf\" rel=\"\u201dnofollow\u201d\"><span style=\"font-weight: 400;\">Fiche d&rsquo;information financi\u00e8re pour une assurance vie (FIF)<\/span><\/a><\/li>\n<li style=\"font-weight: 400;\" aria-level=\"1\"><a href=\"https:\/\/www.belfiusdirect.be\/media\/n15hhsci\/av-uitvaart.pdf\" rel=\"\u201dnofollow\u201d\"><span style=\"font-weight: 400;\">Conditions g\u00e9n\u00e9rales<\/span><\/a><\/li>\n<li style=\"font-weight: 400;\" aria-level=\"1\"><a href=\"https:\/\/www.belfiusdirect.be\/nl\/wettelijke-bepalingen\/\" rel=\"\u201dnofollow\u201d\"><span style=\"font-weight: 400;\">Dispositions l\u00e9gales<\/span><\/a><\/li>\n<li style=\"font-weight: 400;\" aria-level=\"1\"><a href=\"https:\/\/www.belfiusdirect.be\/nl\/privacy\/\" rel=\"\u201dnofollow\u201d\"><span style=\"font-weight: 400;\">Charte sur la vie priv\u00e9e<\/span><\/a><\/li>\n<li style=\"font-weight: 400;\" aria-level=\"1\"><a href=\"https:\/\/www.belfiusdirect.be\/nl\/klachten\/\" rel=\"\u201dnofollow\u201d\"><span style=\"font-weight: 400;\">Proc\u00e9dure de plaintes<\/span><\/a><\/li>\n<\/ul>\n<p><span style=\"font-weight: 400;\">Les conditions g\u00e9n\u00e9rales et particuli\u00e8res pr\u00e9valent sur les brochures commerciales et les autres textes commerciaux.<\/span><\/p>\n                                                <!-- <\/div> -->\r\n                                                                    <\/div>\r\n    <br>\r\n        <\/div>\r\n\r\n    <div class=\"col-12 col-md-6 col-lg-4\">\r\n                <div class=\"sticky\">\r\n            <div class=\"summary summary--anchors\">\r\n                <div id=\"summary-anchors\">\r\n                                            <h3>Table des mati\u00e8res<\/h3>\r\n                                    <\/div>\r\n            <\/div>\r\n            <div class=\"summary summary--links\">\r\n                <div class=\"summary--links-list\">\r\n                                            <h3>En savoir plus sur<\/h3>\r\n                                        <a class=\"summary--links-list--link\" href=\"\/assurances\/assureurs\/belfius-direct-assurances\"><span>Belfius Direct Assurances<\/span><\/a><a class=\"summary--links-list--link\" href=\"\/assurance-obseques\/assureurs\"><span>En savoir plus sur nos assureurs<\/span><\/a><a class=\"summary--links-list--link\" href=\"\/assurance-obseques\"><span>Comparez des assurances obs\u00e8ques<\/span><\/a>                <\/div>\r\n            <\/div>\r\n        <\/div>\r\n    <\/div>\r\n\r\n    <\/div>\r\n    <\/div>\r\n    <!-- <\/section> -->\r\n        <\/section>\r\n","protected":false},"excerpt":{"rendered":"","protected":false},"author":8,"featured_media":0,"parent":6547,"menu_order":0,"comment_status":"closed","ping_status":"closed","template":"","meta":{"footnotes":""},"class_list":["post-6664","page","type-page","status-publish","hentry"],"acf":[],"yoast_head":"<!-- This site is optimized with the Yoast SEO Premium plugin v23.4 (Yoast SEO v23.4) - https:\/\/yoast.com\/wordpress\/plugins\/seo\/ -->\n<title>Belfius Direct Assurances : Assurance Fun\u00e9railles | Comparateur.be<\/title>\n<meta name=\"description\" content=\"Vous voulez savoir ce que l\u2019Assurance Fun\u00e9railles de Belfius Direct Assurances a \u00e0 offrir ? D\u00e9couvrez les avantages et souscrivez aujourd\u2019hui !\" \/>\n<meta name=\"robots\" content=\"index, follow, max-snippet:-1, max-image-preview:large, max-video-preview:-1\" \/>\n<link rel=\"canonical\" href=\"https:\/\/www.comparateur.be\/assurance-obseques\/assureurs\/belfius-direct-assurances\" \/>\n<meta property=\"og:locale\" content=\"fr_FR\" \/>\n<meta property=\"og:type\" content=\"article\" \/>\n<meta property=\"og:title\" content=\"Belfius Direct Assurances\" \/>\n<meta property=\"og:description\" content=\"Vous voulez savoir ce que l\u2019Assurance Fun\u00e9railles de Belfius Direct Assurances a \u00e0 offrir ? D\u00e9couvrez les avantages et souscrivez aujourd\u2019hui !\" \/>\n<meta property=\"og:url\" content=\"https:\/\/www.comparateur.be\/assurance-obseques\/assureurs\/belfius-direct-assurances\" \/>\n<meta property=\"og:site_name\" content=\"Comparateur.be\" \/>\n<meta property=\"article:publisher\" content=\"https:\/\/www.facebook.com\/Mijnvergelijker\/\" \/>\n<meta property=\"article:modified_time\" content=\"2024-09-26T13:15:54+00:00\" \/>\n<meta property=\"og:image\" content=\"https:\/\/www.comparateur.be\/wordpress\/wp-content\/uploads\/2024\/09\/Algemeen_met-slogan_NL@.png\" \/>\n\t<meta property=\"og:image:width\" content=\"2444\" \/>\n\t<meta property=\"og:image:height\" content=\"418\" \/>\n\t<meta property=\"og:image:type\" content=\"image\/png\" \/>\n<meta name=\"twitter:card\" content=\"summary_large_image\" \/>\n<script type=\"application\/ld+json\" class=\"yoast-schema-graph\">{\"@context\":\"https:\/\/schema.org\",\"@graph\":[{\"@type\":\"WebPage\",\"@id\":\"https:\/\/www.comparateur.be\/assurance-obseques\/assureurs\/belfius-direct-assurances\",\"url\":\"https:\/\/www.comparateur.be\/assurance-obseques\/assureurs\/belfius-direct-assurances\",\"name\":\"Belfius Direct Assurances : Assurance Fun\u00e9railles | Comparateur.be\",\"isPartOf\":{\"@id\":\"https:\/\/www.comparateur.be\/#website\"},\"datePublished\":\"2024-01-24T10:20:20+00:00\",\"dateModified\":\"2024-09-26T13:15:54+00:00\",\"description\":\"Vous voulez savoir ce que l\u2019Assurance Fun\u00e9railles de Belfius Direct Assurances a \u00e0 offrir ? D\u00e9couvrez les avantages et souscrivez aujourd\u2019hui !\",\"breadcrumb\":{\"@id\":\"https:\/\/www.comparateur.be\/assurance-obseques\/assureurs\/belfius-direct-assurances#breadcrumb\"},\"inLanguage\":\"fr-BE\",\"potentialAction\":[{\"@type\":\"ReadAction\",\"target\":[\"https:\/\/www.comparateur.be\/assurance-obseques\/assureurs\/belfius-direct-assurances\"]}]},{\"@type\":\"BreadcrumbList\",\"@id\":\"https:\/\/www.comparateur.be\/assurance-obseques\/assureurs\/belfius-direct-assurances#breadcrumb\",\"itemListElement\":[{\"@type\":\"ListItem\",\"position\":1,\"name\":\"Home\",\"item\":\"https:\/\/www.comparateur.be\/\"},{\"@type\":\"ListItem\",\"position\":2,\"name\":\"Assurance obs\u00e8ques\",\"item\":\"https:\/\/www.comparateur.be\/assurance-obseques\"},{\"@type\":\"ListItem\",\"position\":3,\"name\":\"assureurs\",\"item\":\"https:\/\/www.comparateur.be\/assurance-obseques\/assureurs\"},{\"@type\":\"ListItem\",\"position\":4,\"name\":\"Belfius Direct Assurances\"}]},{\"@type\":\"WebSite\",\"@id\":\"https:\/\/www.comparateur.be\/#website\",\"url\":\"https:\/\/www.comparateur.be\/\",\"name\":\"MIjnvergelijker.be\",\"description\":\"\",\"publisher\":{\"@id\":\"https:\/\/www.comparateur.be\/#organization\"},\"potentialAction\":[{\"@type\":\"SearchAction\",\"target\":{\"@type\":\"EntryPoint\",\"urlTemplate\":\"https:\/\/www.comparateur.be\/?s={search_term_string}\"},\"query-input\":\"required name=search_term_string\"}],\"inLanguage\":\"fr-BE\"},{\"@type\":\"Organization\",\"@id\":\"https:\/\/www.comparateur.be\/#organization\",\"name\":\"Comparateur.be\",\"url\":\"https:\/\/www.comparateur.be\/\",\"logo\":{\"@type\":\"ImageObject\",\"inLanguage\":\"fr-BE\",\"@id\":\"https:\/\/www.comparateur.be\/#\/schema\/logo\/image\/\",\"url\":\"https:\/\/www.comparateur.be\/wordpress\/wp-content\/uploads\/2024\/09\/Algemeen_met-slogan_NL@.png\",\"contentUrl\":\"https:\/\/www.comparateur.be\/wordpress\/wp-content\/uploads\/2024\/09\/Algemeen_met-slogan_NL@.png\",\"width\":2444,\"height\":418,\"caption\":\"Comparateur.be\"},\"image\":{\"@id\":\"https:\/\/www.comparateur.be\/#\/schema\/logo\/image\/\"},\"sameAs\":[\"https:\/\/www.facebook.com\/Mijnvergelijker\/\"]}]}<\/script>\n<!-- \/ Yoast SEO Premium plugin. -->","yoast_head_json":{"title":"Belfius Direct Assurances : Assurance Fun\u00e9railles | Comparateur.be","description":"Vous voulez savoir ce que l\u2019Assurance Fun\u00e9railles de Belfius Direct Assurances a \u00e0 offrir ? D\u00e9couvrez les avantages et souscrivez aujourd\u2019hui !","robots":{"index":"index","follow":"follow","max-snippet":"max-snippet:-1","max-image-preview":"max-image-preview:large","max-video-preview":"max-video-preview:-1"},"canonical":"https:\/\/www.comparateur.be\/assurance-obseques\/assureurs\/belfius-direct-assurances","og_locale":"fr_FR","og_type":"article","og_title":"Belfius Direct Assurances","og_description":"Vous voulez savoir ce que l\u2019Assurance Fun\u00e9railles de Belfius Direct Assurances a \u00e0 offrir ? D\u00e9couvrez les avantages et souscrivez aujourd\u2019hui !","og_url":"https:\/\/www.comparateur.be\/assurance-obseques\/assureurs\/belfius-direct-assurances","og_site_name":"Comparateur.be","article_publisher":"https:\/\/www.facebook.com\/Mijnvergelijker\/","article_modified_time":"2024-09-26T13:15:54+00:00","og_image":[{"width":2444,"height":418,"url":"https:\/\/www.comparateur.be\/wordpress\/wp-content\/uploads\/2024\/09\/Algemeen_met-slogan_NL@.png","type":"image\/png"}],"twitter_card":"summary_large_image","schema":{"@context":"https:\/\/schema.org","@graph":[{"@type":"WebPage","@id":"https:\/\/www.comparateur.be\/assurance-obseques\/assureurs\/belfius-direct-assurances","url":"https:\/\/www.comparateur.be\/assurance-obseques\/assureurs\/belfius-direct-assurances","name":"Belfius Direct Assurances : Assurance Fun\u00e9railles | Comparateur.be","isPartOf":{"@id":"https:\/\/www.comparateur.be\/#website"},"datePublished":"2024-01-24T10:20:20+00:00","dateModified":"2024-09-26T13:15:54+00:00","description":"Vous voulez savoir ce que l\u2019Assurance Fun\u00e9railles de Belfius Direct Assurances a \u00e0 offrir ? D\u00e9couvrez les avantages et souscrivez aujourd\u2019hui !","breadcrumb":{"@id":"https:\/\/www.comparateur.be\/assurance-obseques\/assureurs\/belfius-direct-assurances#breadcrumb"},"inLanguage":"fr-BE","potentialAction":[{"@type":"ReadAction","target":["https:\/\/www.comparateur.be\/assurance-obseques\/assureurs\/belfius-direct-assurances"]}]},{"@type":"BreadcrumbList","@id":"https:\/\/www.comparateur.be\/assurance-obseques\/assureurs\/belfius-direct-assurances#breadcrumb","itemListElement":[{"@type":"ListItem","position":1,"name":"Home","item":"https:\/\/www.comparateur.be\/"},{"@type":"ListItem","position":2,"name":"Assurance obs\u00e8ques","item":"https:\/\/www.comparateur.be\/assurance-obseques"},{"@type":"ListItem","position":3,"name":"assureurs","item":"https:\/\/www.comparateur.be\/assurance-obseques\/assureurs"},{"@type":"ListItem","position":4,"name":"Belfius Direct Assurances"}]},{"@type":"WebSite","@id":"https:\/\/www.comparateur.be\/#website","url":"https:\/\/www.comparateur.be\/","name":"MIjnvergelijker.be","description":"","publisher":{"@id":"https:\/\/www.comparateur.be\/#organization"},"potentialAction":[{"@type":"SearchAction","target":{"@type":"EntryPoint","urlTemplate":"https:\/\/www.comparateur.be\/?s={search_term_string}"},"query-input":"required name=search_term_string"}],"inLanguage":"fr-BE"},{"@type":"Organization","@id":"https:\/\/www.comparateur.be\/#organization","name":"Comparateur.be","url":"https:\/\/www.comparateur.be\/","logo":{"@type":"ImageObject","inLanguage":"fr-BE","@id":"https:\/\/www.comparateur.be\/#\/schema\/logo\/image\/","url":"https:\/\/www.comparateur.be\/wordpress\/wp-content\/uploads\/2024\/09\/Algemeen_met-slogan_NL@.png","contentUrl":"https:\/\/www.comparateur.be\/wordpress\/wp-content\/uploads\/2024\/09\/Algemeen_met-slogan_NL@.png","width":2444,"height":418,"caption":"Comparateur.be"},"image":{"@id":"https:\/\/www.comparateur.be\/#\/schema\/logo\/image\/"},"sameAs":["https:\/\/www.facebook.com\/Mijnvergelijker\/"]}]}},"_links":{"self":[{"href":"https:\/\/www.comparateur.be\/wordpress\/wp-json\/wp\/v2\/pages\/6664"}],"collection":[{"href":"https:\/\/www.comparateur.be\/wordpress\/wp-json\/wp\/v2\/pages"}],"about":[{"href":"https:\/\/www.comparateur.be\/wordpress\/wp-json\/wp\/v2\/types\/page"}],"author":[{"embeddable":true,"href":"https:\/\/www.comparateur.be\/wordpress\/wp-json\/wp\/v2\/users\/8"}],"replies":[{"embeddable":true,"href":"https:\/\/www.comparateur.be\/wordpress\/wp-json\/wp\/v2\/comments?post=6664"}],"version-history":[{"count":14,"href":"https:\/\/www.comparateur.be\/wordpress\/wp-json\/wp\/v2\/pages\/6664\/revisions"}],"predecessor-version":[{"id":10446,"href":"https:\/\/www.comparateur.be\/wordpress\/wp-json\/wp\/v2\/pages\/6664\/revisions\/10446"}],"up":[{"embeddable":true,"href":"https:\/\/www.comparateur.be\/wordpress\/wp-json\/wp\/v2\/pages\/6547"}],"wp:attachment":[{"href":"https:\/\/www.comparateur.be\/wordpress\/wp-json\/wp\/v2\/media?parent=6664"}],"curies":[{"name":"wp","href":"https:\/\/api.w.org\/{rel}","templated":true}]}}