{"id":1545,"date":"2022-09-17T12:37:58","date_gmt":"2022-09-17T12:37:58","guid":{"rendered":"https:\/\/www.mijnvergelijker.be\/wordpress\/?page_id=1545"},"modified":"2024-09-05T15:48:08","modified_gmt":"2024-09-05T13:48:08","slug":"kbc","status":"publish","type":"page","link":"https:\/\/www.comparateur.be\/assurances\/assureurs\/kbc","title":{"rendered":"KBC"},"content":{"rendered":"\n<section id=\"heroes-text-block_63174cd57ae38\" class=\"heroes-text hero hero--text\">\n    <div class=\"container\">\n                    <h1 class=\"heading-xl mb-md-40\">L&rsquo;assureur KBC Assurances<\/h1>\n                <div class=\"wysiwyg body-lg mb-md-40\">\n            <p>\n            D\u00e9couvrons la compagnie KBC Assurances et son action. Apprenez-en plus ici sur ses origines et ses activit\u00e9s.\r\n            <\/p>\n        <\/div>\n                        <\/section>\n\n\n\n<div id=\"button-block_66d9b67ecb347\" class=\"button-title aligncenter container\" style=\"flex-direction:initial\">\n\n\n    <a href=\"https:\/\/www.comparateur.be\/assurances\" class=\"button button--primary\">\n        <span class=\"d-flex align-items-center\">\n            comparez les assurances            <svg xmlns=\"http:\/\/www.w3.org\/2000\/svg\" width=\"22\" height=\"22\" viewBox=\"0 0 24 24\" fill=\"none\" class=\"arrow-right\"><path d=\"M5 12H19\" stroke-width=\"2\" stroke-linecap=\"round\" stroke-linejoin=\"round\"\/><path d=\"M12 5L19 12L12 19\" stroke-width=\"2\" stroke-linecap=\"round\" stroke-linejoin=\"round\"\/><\/svg>        <\/span>\n    <\/a>\n\n\n<\/div>\n\n\n\n    <style>\r\n        html {\r\n            scroll-behavior: smooth;\r\n        }\r\n    <\/style>\r\n\r\n            <section class=\"section\">\r\n        <div class=\"container article-smooth\">\r\n        <div class=\"row\">\r\n        <div class=\"col-12 col-md-6 col-lg-8\" id=\"main-article\"  data-anchor-class=\"title\" >\r\n                <!-- <section class=\"section\"> -->\r\n        <div id=\"article-block_6317486d7ae01\"\r\n         class=\"article \">\r\n                                            <h2 class=\"title\" id=\"fondation\">Fondation<\/h2>\r\n                                                                        <!-- <div class=\"articleblock\"> -->\r\n                                                                            <section class=\"icp-white-section\" data-icp-block=\"\">\n<div id=\"toc-target-0-oprichting\" class=\"icp-title-aside-block toc-target-section\">\n<div class=\"icp-title-aside-block--content\">\n<div class=\"icp-content \" data-icp-block=\"\">\n<div class=\"icp-content--inner\">\n<section class=\"icp-white-section\" data-icp-block=\"\">\n<div id=\"toc-target-0-oprichting\" class=\"icp-title-aside-block toc-target-section\">\n<div class=\"icp-title-aside-block--content\">\n<div class=\"icp-content \" data-icp-block=\"\">\n<div class=\"icp-content--inner\">C&rsquo;est la fusion de deux banques belges, la Kredietbank et la Banque CERA, et d&rsquo;un assureur belge ABB (Assurances du Boerenbond belge) qui a permis la cr\u00e9ation de la KBC Bancassurance Holding. La Banque de Roulers a \u00e9galement \u00e9t\u00e9 incorpor\u00e9e au groupe. En 2005, le groupe int\u00e8gre notamment un r\u00e9seau de banques de gestion patrimoniale europ\u00e9ennes \u00e0 l&rsquo;occasion de la fusion de la KBC Bancassurance Holding et de la soci\u00e9t\u00e9 m\u00e8re Almanij. Le tout sous le nouveau nom de KBC Groupe SA.<\/div>\n<\/div>\n<\/div>\n<\/div>\n<\/section>\n<\/div>\n<\/div>\n<\/div>\n<\/div>\n<\/section>\n                                                <!-- <\/div> -->\r\n                                                                                                    <h2 class=\"title\" id=\"un-mot-sur-le-groupe\">Un mot sur le groupe<\/h2>\r\n                                                                        <!-- <div class=\"articleblock\"> -->\r\n                                                                            <section class=\"icp-white-section\" data-icp-block=\"\">\n<div id=\"toc-target-1-onderdeel-van\" class=\"icp-title-aside-block toc-target-section\">\n<div class=\"icp-title-aside-block--content\">\n<div class=\"icp-content \" data-icp-block=\"\">\n<div class=\"icp-content--inner\">\n<p>KBC Assurances est une filiale du KBC Groupe SA. La compagnie en banque et assurance est active principalement en Belgique, Tch\u00e9quie, Slovaquie, Hongrie, Bulgarie et Irlande et s&rsquo;appuie sur un r\u00e9seau de 1 300 agences bancaires. Les assurances sont vendues par l&rsquo;interm\u00e9diaire des agents propres du groupe et par d&rsquo;autres interfaces, dont divers canaux \u00e9lectroniques. Au total, cela fait 41\u00a0000 travailleurs.<\/p>\n<\/div>\n<\/div>\n<\/div>\n<\/div>\n<\/section>\n<section class=\"icp-white-section\" data-icp-block=\"\">\n<div id=\"toc-target-2-dit-zegt-aedes-over-zichzelf\" class=\"icp-title-aside-block toc-target-section\"><\/div>\n<\/section>\n                                                <!-- <\/div> -->\r\n                                                                                                    <h2 class=\"title\" id=\"voici-comment-kbc-se-dcrit\">Voici comment KBC se d\u00e9crit<\/h2>\r\n                                                                        <!-- <div class=\"articleblock\"> -->\r\n                                                                            <section class=\"icp-white-section\" data-icp-block=\"\">\n<div id=\"toc-target-2-dit-zegt-kbc-over-zichzelf\" class=\"icp-title-aside-block toc-target-section\">\n<div class=\"icp-title-aside-block--content\">\n<div class=\"icp-content \" data-icp-block=\"\">\n<div class=\"icp-content--inner\">\n<section class=\"icp-white-section\" data-icp-block=\"\">\n<div id=\"toc-target-2-voici-comment-kbc-se-dcrit\" class=\"icp-title-aside-block toc-target-section\">\n<div class=\"icp-title-aside-block--content\">\n<div class=\"icp-content \" data-icp-block=\"\">\n<div class=\"icp-content--inner\">\n<p>KBC souhaite devenir la r\u00e9f\u00e9rence en mati\u00e8re de banque-assurance dans tous ses march\u00e9s strat\u00e9giques. Cette strat\u00e9gie est articul\u00e9e autour de 4 piliers : offrir aux clients une exp\u00e9rience unique en banque-assurance, d\u00e9velopper le groupe dans une perspective de long terme et r\u00e9aliser ainsi une croissance durable et profitable, mettre les int\u00e9r\u00eats des clients au c\u0153ur de l&rsquo;action et prendre tr\u00e8s au s\u00e9rieux le r\u00f4le de la compagnie envers la soci\u00e9t\u00e9 et les \u00e9conomies locales.<\/p>\n<\/div>\n<\/div>\n<\/div>\n<\/div>\n<\/section>\n<\/div>\n<\/div>\n<\/div>\n<\/div>\n<\/section>\n                                                <!-- <\/div> -->\r\n                                                                                                    <h2 class=\"title\" id=\"quelles-sont-les-assurances-proposes-par-kbc\">Quelles sont les assurances propos\u00e9es par KBC?<\/h2>\r\n                                                                        <!-- <div class=\"articleblock\"> -->\r\n                                                                            <p>Vous pouvez faire appel \u00e0 KBC pour les assurances suivantes:<\/p>\n                                                <!-- <\/div> -->\r\n                                            <!-- <div class=\"articleblock\"> -->\r\n                        <h3 class=\"heading heading--three heading-md subtitle\" id=\"mobilit\" >Mobilit\u00e9<\/h3>                                                    <ul>\n<li>Assurance auto<\/li>\n<li>Assurance moto<\/li>\n<li>Assurance v\u00e9lo<\/li>\n<li>&#8230;\u200b<\/li>\n<\/ul>\n                                                <!-- <\/div> -->\r\n                                            <!-- <div class=\"articleblock\"> -->\r\n                        <h3 class=\"heading heading--three heading-md subtitle\" id=\"habitation\" >Habitation<\/h3>                                                    <ul>\n<li>Assurance Solde restant d\u00fb<\/li>\n<li>Assurance habitation<\/li>\n<li>&#8230;\u200b<\/li>\n<\/ul>\n                                                <!-- <\/div> -->\r\n                                            <!-- <div class=\"articleblock\"> -->\r\n                        <h3 class=\"heading heading--three heading-md subtitle\" id=\"sant\" >Sant\u00e9<\/h3>                                                    <ul>\n<li>Assurance hospitalisation<\/li>\n<li>&#8230;<\/li>\n<\/ul>\n                                                <!-- <\/div> -->\r\n                                            <!-- <div class=\"articleblock\"> -->\r\n                        <h3 class=\"heading heading--three heading-md subtitle\" id=\"famille\" >Famille<\/h3>                                                    <ul>\n<li>\u200bAssurance familiale\u00a0\u200b<\/li>\n<li>Assurance accidents de la vie priv\u00e9e<\/li>\n<li>&#8230;<\/li>\n<\/ul>\n                                                <!-- <\/div> -->\r\n                                            <!-- <div class=\"articleblock\"> -->\r\n                        <h3 class=\"heading heading--three heading-md subtitle\" id=\"assurance-de-voyage\" >Assurance de voyage<\/h3>                                                <!-- <\/div> -->\r\n                                                                                                    <h2 class=\"title\" id=\"contact-kbc\">Contact KBC<\/h2>\r\n                                                                        <!-- <div class=\"articleblock\"> -->\r\n                                                                            <p>Adresse Si\u00e8ge social KBC : Avenue du Port 2, 1080 Bruxelles<br \/>\nT\u00e9l.: 078 152 153<\/p>\n                                                <!-- <\/div> -->\r\n                                                                    <\/div>\r\n    <br>\r\n        <\/div>\r\n\r\n    <div class=\"col-12 col-md-6 col-lg-4\">\r\n                <div class=\"sticky\">\r\n            <div class=\"summary summary--anchors\">\r\n                <div id=\"summary-anchors\">\r\n                                    <\/div>\r\n            <\/div>\r\n            <div class=\"summary summary--links\">\r\n                <div class=\"summary--links-list\">\r\n                                                        <\/div>\r\n            <\/div>\r\n        <\/div>\r\n    <\/div>\r\n\r\n    <\/div>\r\n    <\/div>\r\n    <!-- <\/section> -->\r\n        <\/section>\r\n","protected":false},"excerpt":{"rendered":"","protected":false},"author":1,"featured_media":0,"parent":939,"menu_order":0,"comment_status":"closed","ping_status":"closed","template":"","meta":{"footnotes":""},"class_list":["post-1545","page","type-page","status-publish","hentry"],"acf":[],"yoast_head":"<!-- This site is optimized with the Yoast SEO Premium plugin v23.4 (Yoast SEO v23.4) - https:\/\/yoast.com\/wordpress\/plugins\/seo\/ -->\n<title>L&#039;assureur KBC Assurances | Comparateur.be<\/title>\n<meta name=\"description\" content=\"D\u00e9couvrez comment KBC Assurances peut vous faciliter la vie. Comparateur.be vous informe sur les origines et les activit\u00e9s de cet assureur.\" \/>\n<meta name=\"robots\" content=\"index, follow, max-snippet:-1, max-image-preview:large, max-video-preview:-1\" \/>\n<link rel=\"canonical\" href=\"https:\/\/www.comparateur.be\/assurances\/assureurs\/kbc\" \/>\n<meta property=\"og:locale\" content=\"fr_FR\" \/>\n<meta property=\"og:type\" content=\"article\" \/>\n<meta property=\"og:title\" content=\"KBC\" \/>\n<meta property=\"og:description\" content=\"D\u00e9couvrez comment KBC Assurances peut vous faciliter la vie. Comparateur.be vous informe sur les origines et les activit\u00e9s de cet assureur.\" \/>\n<meta property=\"og:url\" content=\"https:\/\/www.comparateur.be\/assurances\/assureurs\/kbc\" \/>\n<meta property=\"og:site_name\" content=\"Comparateur.be\" \/>\n<meta property=\"article:publisher\" content=\"https:\/\/www.facebook.com\/Mijnvergelijker\/\" \/>\n<meta property=\"article:modified_time\" content=\"2024-09-05T13:48:08+00:00\" \/>\n<meta property=\"og:image\" content=\"https:\/\/www.comparateur.be\/wordpress\/wp-content\/uploads\/2024\/09\/Algemeen_met-slogan_NL@.png\" \/>\n\t<meta property=\"og:image:width\" content=\"2444\" \/>\n\t<meta property=\"og:image:height\" content=\"418\" \/>\n\t<meta property=\"og:image:type\" content=\"image\/png\" \/>\n<meta name=\"twitter:card\" content=\"summary_large_image\" \/>\n<script type=\"application\/ld+json\" class=\"yoast-schema-graph\">{\"@context\":\"https:\/\/schema.org\",\"@graph\":[{\"@type\":\"WebPage\",\"@id\":\"https:\/\/www.comparateur.be\/assurances\/assureurs\/kbc\",\"url\":\"https:\/\/www.comparateur.be\/assurances\/assureurs\/kbc\",\"name\":\"L'assureur KBC Assurances | Comparateur.be\",\"isPartOf\":{\"@id\":\"https:\/\/www.comparateur.be\/#website\"},\"datePublished\":\"2022-09-17T12:37:58+00:00\",\"dateModified\":\"2024-09-05T13:48:08+00:00\",\"description\":\"D\u00e9couvrez comment KBC Assurances peut vous faciliter la vie. Comparateur.be vous informe sur les origines et les activit\u00e9s de cet assureur.\",\"breadcrumb\":{\"@id\":\"https:\/\/www.comparateur.be\/assurances\/assureurs\/kbc#breadcrumb\"},\"inLanguage\":\"fr-BE\",\"potentialAction\":[{\"@type\":\"ReadAction\",\"target\":[\"https:\/\/www.comparateur.be\/assurances\/assureurs\/kbc\"]}]},{\"@type\":\"BreadcrumbList\",\"@id\":\"https:\/\/www.comparateur.be\/assurances\/assureurs\/kbc#breadcrumb\",\"itemListElement\":[{\"@type\":\"ListItem\",\"position\":1,\"name\":\"Home\",\"item\":\"https:\/\/www.comparateur.be\/\"},{\"@type\":\"ListItem\",\"position\":2,\"name\":\"Assurances\",\"item\":\"https:\/\/www.comparateur.be\/assurances\"},{\"@type\":\"ListItem\",\"position\":3,\"name\":\"Assureurs\",\"item\":\"https:\/\/www.comparateur.be\/assurances\/assureurs\"},{\"@type\":\"ListItem\",\"position\":4,\"name\":\"KBC\"}]},{\"@type\":\"WebSite\",\"@id\":\"https:\/\/www.comparateur.be\/#website\",\"url\":\"https:\/\/www.comparateur.be\/\",\"name\":\"MIjnvergelijker.be\",\"description\":\"\",\"publisher\":{\"@id\":\"https:\/\/www.comparateur.be\/#organization\"},\"potentialAction\":[{\"@type\":\"SearchAction\",\"target\":{\"@type\":\"EntryPoint\",\"urlTemplate\":\"https:\/\/www.comparateur.be\/?s={search_term_string}\"},\"query-input\":\"required name=search_term_string\"}],\"inLanguage\":\"fr-BE\"},{\"@type\":\"Organization\",\"@id\":\"https:\/\/www.comparateur.be\/#organization\",\"name\":\"Comparateur.be\",\"url\":\"https:\/\/www.comparateur.be\/\",\"logo\":{\"@type\":\"ImageObject\",\"inLanguage\":\"fr-BE\",\"@id\":\"https:\/\/www.comparateur.be\/#\/schema\/logo\/image\/\",\"url\":\"https:\/\/www.comparateur.be\/wordpress\/wp-content\/uploads\/2024\/09\/Algemeen_met-slogan_NL@.png\",\"contentUrl\":\"https:\/\/www.comparateur.be\/wordpress\/wp-content\/uploads\/2024\/09\/Algemeen_met-slogan_NL@.png\",\"width\":2444,\"height\":418,\"caption\":\"Comparateur.be\"},\"image\":{\"@id\":\"https:\/\/www.comparateur.be\/#\/schema\/logo\/image\/\"},\"sameAs\":[\"https:\/\/www.facebook.com\/Mijnvergelijker\/\"]}]}<\/script>\n<!-- \/ Yoast SEO Premium plugin. -->","yoast_head_json":{"title":"L'assureur KBC Assurances | Comparateur.be","description":"D\u00e9couvrez comment KBC Assurances peut vous faciliter la vie. Comparateur.be vous informe sur les origines et les activit\u00e9s de cet assureur.","robots":{"index":"index","follow":"follow","max-snippet":"max-snippet:-1","max-image-preview":"max-image-preview:large","max-video-preview":"max-video-preview:-1"},"canonical":"https:\/\/www.comparateur.be\/assurances\/assureurs\/kbc","og_locale":"fr_FR","og_type":"article","og_title":"KBC","og_description":"D\u00e9couvrez comment KBC Assurances peut vous faciliter la vie. Comparateur.be vous informe sur les origines et les activit\u00e9s de cet assureur.","og_url":"https:\/\/www.comparateur.be\/assurances\/assureurs\/kbc","og_site_name":"Comparateur.be","article_publisher":"https:\/\/www.facebook.com\/Mijnvergelijker\/","article_modified_time":"2024-09-05T13:48:08+00:00","og_image":[{"width":2444,"height":418,"url":"https:\/\/www.comparateur.be\/wordpress\/wp-content\/uploads\/2024\/09\/Algemeen_met-slogan_NL@.png","type":"image\/png"}],"twitter_card":"summary_large_image","schema":{"@context":"https:\/\/schema.org","@graph":[{"@type":"WebPage","@id":"https:\/\/www.comparateur.be\/assurances\/assureurs\/kbc","url":"https:\/\/www.comparateur.be\/assurances\/assureurs\/kbc","name":"L'assureur KBC Assurances | Comparateur.be","isPartOf":{"@id":"https:\/\/www.comparateur.be\/#website"},"datePublished":"2022-09-17T12:37:58+00:00","dateModified":"2024-09-05T13:48:08+00:00","description":"D\u00e9couvrez comment KBC Assurances peut vous faciliter la vie. Comparateur.be vous informe sur les origines et les activit\u00e9s de cet assureur.","breadcrumb":{"@id":"https:\/\/www.comparateur.be\/assurances\/assureurs\/kbc#breadcrumb"},"inLanguage":"fr-BE","potentialAction":[{"@type":"ReadAction","target":["https:\/\/www.comparateur.be\/assurances\/assureurs\/kbc"]}]},{"@type":"BreadcrumbList","@id":"https:\/\/www.comparateur.be\/assurances\/assureurs\/kbc#breadcrumb","itemListElement":[{"@type":"ListItem","position":1,"name":"Home","item":"https:\/\/www.comparateur.be\/"},{"@type":"ListItem","position":2,"name":"Assurances","item":"https:\/\/www.comparateur.be\/assurances"},{"@type":"ListItem","position":3,"name":"Assureurs","item":"https:\/\/www.comparateur.be\/assurances\/assureurs"},{"@type":"ListItem","position":4,"name":"KBC"}]},{"@type":"WebSite","@id":"https:\/\/www.comparateur.be\/#website","url":"https:\/\/www.comparateur.be\/","name":"MIjnvergelijker.be","description":"","publisher":{"@id":"https:\/\/www.comparateur.be\/#organization"},"potentialAction":[{"@type":"SearchAction","target":{"@type":"EntryPoint","urlTemplate":"https:\/\/www.comparateur.be\/?s={search_term_string}"},"query-input":"required name=search_term_string"}],"inLanguage":"fr-BE"},{"@type":"Organization","@id":"https:\/\/www.comparateur.be\/#organization","name":"Comparateur.be","url":"https:\/\/www.comparateur.be\/","logo":{"@type":"ImageObject","inLanguage":"fr-BE","@id":"https:\/\/www.comparateur.be\/#\/schema\/logo\/image\/","url":"https:\/\/www.comparateur.be\/wordpress\/wp-content\/uploads\/2024\/09\/Algemeen_met-slogan_NL@.png","contentUrl":"https:\/\/www.comparateur.be\/wordpress\/wp-content\/uploads\/2024\/09\/Algemeen_met-slogan_NL@.png","width":2444,"height":418,"caption":"Comparateur.be"},"image":{"@id":"https:\/\/www.comparateur.be\/#\/schema\/logo\/image\/"},"sameAs":["https:\/\/www.facebook.com\/Mijnvergelijker\/"]}]}},"_links":{"self":[{"href":"https:\/\/www.comparateur.be\/wordpress\/wp-json\/wp\/v2\/pages\/1545"}],"collection":[{"href":"https:\/\/www.comparateur.be\/wordpress\/wp-json\/wp\/v2\/pages"}],"about":[{"href":"https:\/\/www.comparateur.be\/wordpress\/wp-json\/wp\/v2\/types\/page"}],"author":[{"embeddable":true,"href":"https:\/\/www.comparateur.be\/wordpress\/wp-json\/wp\/v2\/users\/1"}],"replies":[{"embeddable":true,"href":"https:\/\/www.comparateur.be\/wordpress\/wp-json\/wp\/v2\/comments?post=1545"}],"version-history":[{"count":4,"href":"https:\/\/www.comparateur.be\/wordpress\/wp-json\/wp\/v2\/pages\/1545\/revisions"}],"predecessor-version":[{"id":9777,"href":"https:\/\/www.comparateur.be\/wordpress\/wp-json\/wp\/v2\/pages\/1545\/revisions\/9777"}],"up":[{"embeddable":true,"href":"https:\/\/www.comparateur.be\/wordpress\/wp-json\/wp\/v2\/pages\/939"}],"wp:attachment":[{"href":"https:\/\/www.comparateur.be\/wordpress\/wp-json\/wp\/v2\/media?parent=1545"}],"curies":[{"name":"wp","href":"https:\/\/api.w.org\/{rel}","templated":true}]}}