{"id":1533,"date":"2022-09-16T13:52:09","date_gmt":"2022-09-16T13:52:09","guid":{"rendered":"https:\/\/www.mijnvergelijker.be\/wordpress\/?page_id=1533"},"modified":"2026-01-05T12:10:13","modified_gmt":"2026-01-05T11:10:13","slug":"yuzzu","status":"publish","type":"page","link":"https:\/\/www.comparateur.be\/assurances\/assureurs\/yuzzu","title":{"rendered":"Yuzzu"},"content":{"rendered":"\n<section id=\"heroes-text-block_63174cd57ae38\" class=\"heroes-text hero hero--text\">\n    <div class=\"container\">\n                    <h1 class=\"heading-xl mb-md-40\">Yuzzu<\/h1>\n                <div class=\"wysiwyg body-lg mb-md-40\">\n            <p>\n            D\u00e9couvrons Yuzzu et son action. Apprenez-en plus ici sur ses origines et ses activit\u00e9s. \r\n            <\/p>\n        <\/div>\n                    <div class=\"button-container\">\n                <a href=\"https:\/\/www.comparateur.be\/assurances\" class=\"button button--primary \" type=\"primary\">\n                    <span class=\"d-flex align-items-center\">\n                        comparez les assurances                         <svg xmlns=\"http:\/\/www.w3.org\/2000\/svg\" width=\"22\" height=\"22\" viewBox=\"0 0 24 24\" fill=\"none\" class=\"arrow-right\"><path d=\"M5 12H19\" stroke-width=\"2\" stroke-linecap=\"round\" stroke-linejoin=\"round\"\/><path d=\"M12 5L19 12L12 19\" stroke-width=\"2\" stroke-linecap=\"round\" stroke-linejoin=\"round\"\/><\/svg>                    <\/span>\n                <\/a>\n            <\/div>\n                        <\/section>\n\n\n    <style>\r\n        html {\r\n            scroll-behavior: smooth;\r\n        }\r\n    <\/style>\r\n\r\n            <section class=\"section\">\r\n        <div class=\"container article-smooth\">\r\n        <div class=\"row\">\r\n        <div class=\"col-12 col-md-6 col-lg-8\" id=\"main-article\"  data-anchor-class=\"title\" >\r\n                <!-- <section class=\"section\"> -->\r\n        <div id=\"article-block_6317486d7ae01\"\r\n         class=\"article \">\r\n                                            <h2 class=\"title\" id=\"fondation\">Fondation<\/h2>\r\n                                                                        <!-- <div class=\"articleblock\"> -->\r\n                                                                            <section class=\"icp-white-section\" data-icp-block=\"\">\n<div id=\"toc-target-0-oprichting\" class=\"icp-title-aside-block toc-target-section\">\n<div class=\"icp-title-aside-block--content\">\n<div class=\"icp-content \" data-icp-block=\"\">\n<div class=\"icp-content--inner\">\n<section class=\"icp-white-section\" data-icp-block=\"\">\n<div id=\"toc-target-0-oprichting\" class=\"icp-title-aside-block toc-target-section\">\n<div class=\"icp-title-aside-block--content\">\n<div class=\"icp-content \" data-icp-block=\"\">\n<div class=\"icp-content--inner\">\n<section class=\"icp-white-section\" data-icp-block=\"\">\n<div id=\"toc-target-0-fondation\" class=\"icp-title-aside-block toc-target-section\">\n<div class=\"icp-title-aside-block--content\">\n<div class=\"icp-content \" data-icp-block=\"\">\n<div class=\"icp-content--inner\">\n<p>En 1996, l&rsquo;association de d\u00e9fense des int\u00e9r\u00eats des automobilistes Touring cr\u00e9e une joint-venture : Touring Assurances. En 2006, Touring Assurances lance ses formules forfaitaires au kilom\u00e8tre pour les assurances auto et des tarifs adapt\u00e9s pour les navetteurs qui utilisent les transports publics et les cyclistes. En 2019, la compagnie adopte le nom de Yuzzu.<\/p>\n<\/div>\n<\/div>\n<\/div>\n<\/div>\n<\/section>\n<\/div>\n<\/div>\n<\/div>\n<\/div>\n<\/section>\n<\/div>\n<\/div>\n<\/div>\n<\/div>\n<\/section>\n                                                <!-- <\/div> -->\r\n                                                                                                    <h2 class=\"title\" id=\"un-mot-sur-le-groupe\">Un mot sur le groupe<\/h2>\r\n                                                                        <!-- <div class=\"articleblock\"> -->\r\n                                                                            <section class=\"icp-white-section\" data-icp-block=\"\">\n<div id=\"toc-target-1-onderdeel-van\" class=\"icp-title-aside-block toc-target-section\">\n<div class=\"icp-title-aside-block--content\">\n<div class=\"icp-content \" data-icp-block=\"\">\n<div class=\"icp-content--inner\">\n<p>Depuis 2007, Yuzzu fait partie du groupe AXA. En 2026 Yuzzu devient souscripteur mandat\u00e9 avec comme partneraire AXA.<\/p>\n<\/div>\n<\/div>\n<\/div>\n<\/div>\n<\/section>\n<section class=\"icp-white-section\" data-icp-block=\"\">\n<div id=\"toc-target-2-dit-zegt-aedes-over-zichzelf\" class=\"icp-title-aside-block toc-target-section\"><\/div>\n<\/section>\n                                                <!-- <\/div> -->\r\n                                                                                                    <h2 class=\"title\" id=\"voici-comment-yuzzu-se-dcrit\">Voici comment Yuzzu se d\u00e9crit<\/h2>\r\n                                                                        <!-- <div class=\"articleblock\"> -->\r\n                                                                            <p>Avec ses plus de 177.000 clients, Yuzzu est le leader digital du march\u00e9 belge en mati\u00e8re d&rsquo;assurances directes.<\/p>\n<p>\u00ab Bien assur\u00e9 \u00e0 prix serr\u00e9 \u00bb est la devise de Yuzzu. Et ils entendent bien lui faire honneur. Fort d&rsquo;un outil simple de calcul de la prime en ligne et de ses formules transparentes d&rsquo;assurance qu&rsquo;ils proposent, Yuzzu vise \u00e0 minimiser les lourdeurs administratives et \u00e0 traiter efficacement les dossiers.<\/p>\n<p>Yuzzu estime qu&rsquo;il est important de soutenir les objectifs sociaux au sein de la communaut\u00e9 et de r\u00e9duire l&#8217;empreinte \u00e9cologique de son entreprise.<\/p>\n                                                <!-- <\/div> -->\r\n                                                                                                    <h2 class=\"title\" id=\"quelles-sont-les-assurances-proposes-par-yuzzu-\">Quelles sont les assurances propos\u00e9es par Yuzzu ?<\/h2>\r\n                                                                        <!-- <div class=\"articleblock\"> -->\r\n                                                                            <p>Vous pouvez faire appel \u00e0 Yuzzu pour les assurances suivantes:<\/p>\n                                                <!-- <\/div> -->\r\n                                            <!-- <div class=\"articleblock\"> -->\r\n                        <h3 class=\"heading heading--three heading-md subtitle\" id=\"mobilit\" >Mobilit\u00e9<\/h3>                                                    <ul>\n<li>\u200bAssurance auto<\/li>\n<li>Assurance moto<\/li>\n<li>Assurance v\u00e9lo<\/li>\n<li>assurance camionnette<\/li>\n<li>&#8230;\u200b<\/li>\n<\/ul>\n                                                <!-- <\/div> -->\r\n                                            <!-- <div class=\"articleblock\"> -->\r\n                        <h3 class=\"heading heading--three heading-md subtitle\" id=\"habitation\" >Habitation<\/h3>                                                    <ul>\n<li>\u200bAssurance propri\u00e9taire<\/li>\n<li>Assurance locataire<\/li>\n<li>Assurance bailleur\u200b<\/li>\n<li>&#8230;<\/li>\n<\/ul>\n                                                <!-- <\/div> -->\r\n                                            <!-- <div class=\"articleblock\"> -->\r\n                        <h3 class=\"heading heading--three heading-md subtitle\" id=\"sant\" >Sant\u00e9<\/h3>                                                    <ul>\n<li>Assurance hospitalisation<\/li>\n<li>&#8230;<\/li>\n<\/ul>\n                                                <!-- <\/div> -->\r\n                                            <!-- <div class=\"articleblock\"> -->\r\n                        <h3 class=\"heading heading--three heading-md subtitle\" id=\"famille\" >Famille<\/h3>                                                    <ul>\n<li>Assurance familiale\u200b<\/li>\n<li>&#8230;<\/li>\n<\/ul>\n                                                <!-- <\/div> -->\r\n                                                                                                    <h2 class=\"title\" id=\"contact-yuzzu\">Contact Yuzzu<\/h2>\r\n                                                                        <!-- <div class=\"articleblock\"> -->\r\n                                                                            <p>Adresse Si\u00e8ge social Yuzzu: Boulevard du R\u00e9gent 7, 1000 Bruxelles<br \/>\nT\u00e9l.: 02 505 66 00<\/p>\n                                                <!-- <\/div> -->\r\n                                                                    <\/div>\r\n    <br>\r\n        <\/div>\r\n\r\n    <div class=\"col-12 col-md-6 col-lg-4\">\r\n                <div class=\"sticky\">\r\n            <div class=\"summary summary--anchors\">\r\n                <div id=\"summary-anchors\">\r\n                                    <\/div>\r\n            <\/div>\r\n            <div class=\"summary summary--links\">\r\n                <div class=\"summary--links-list\">\r\n                                        <a class=\"summary--links-list--link\" href=\"\"><span><\/span><\/a><a class=\"summary--links-list--link\" href=\"\"><span><\/span><\/a><a class=\"summary--links-list--link\" href=\"\"><span><\/span><\/a>                <\/div>\r\n            <\/div>\r\n        <\/div>\r\n    <\/div>\r\n\r\n    <\/div>\r\n    <\/div>\r\n    <!-- <\/section> -->\r\n        <\/section>\r\n","protected":false},"excerpt":{"rendered":"","protected":false},"author":1,"featured_media":0,"parent":939,"menu_order":0,"comment_status":"closed","ping_status":"closed","template":"","meta":{"footnotes":""},"class_list":["post-1533","page","type-page","status-publish","hentry"],"acf":[],"yoast_head":"<!-- This site is optimized with the Yoast SEO Premium plugin v23.4 (Yoast SEO v23.4) - https:\/\/yoast.com\/wordpress\/plugins\/seo\/ -->\n<title>L&#039;assureur Yuzzu | Comparateur.be<\/title>\n<meta name=\"description\" content=\"D\u00e9couvrez comment Yuzzu peut vous faciliter la vie. Comparateur.be vous informe sur les origines et les activit\u00e9s de cet assureur.\" \/>\n<meta name=\"robots\" content=\"index, follow, max-snippet:-1, max-image-preview:large, max-video-preview:-1\" \/>\n<link rel=\"canonical\" href=\"https:\/\/www.comparateur.be\/assurances\/assureurs\/yuzzu\" \/>\n<meta property=\"og:locale\" content=\"fr_FR\" \/>\n<meta property=\"og:type\" content=\"article\" \/>\n<meta property=\"og:title\" content=\"Yuzzu\" \/>\n<meta property=\"og:description\" content=\"D\u00e9couvrez comment Yuzzu peut vous faciliter la vie. Comparateur.be vous informe sur les origines et les activit\u00e9s de cet assureur.\" \/>\n<meta property=\"og:url\" content=\"https:\/\/www.comparateur.be\/assurances\/assureurs\/yuzzu\" \/>\n<meta property=\"og:site_name\" content=\"Comparateur.be\" \/>\n<meta property=\"article:publisher\" content=\"https:\/\/www.facebook.com\/Mijnvergelijker\/\" \/>\n<meta property=\"article:modified_time\" content=\"2026-01-05T11:10:13+00:00\" \/>\n<meta property=\"og:image\" content=\"https:\/\/www.comparateur.be\/wordpress\/wp-content\/uploads\/2024\/09\/Algemeen_met-slogan_NL@.png\" \/>\n\t<meta property=\"og:image:width\" content=\"2444\" \/>\n\t<meta property=\"og:image:height\" content=\"418\" \/>\n\t<meta property=\"og:image:type\" content=\"image\/png\" \/>\n<meta name=\"twitter:card\" content=\"summary_large_image\" \/>\n<script type=\"application\/ld+json\" class=\"yoast-schema-graph\">{\"@context\":\"https:\/\/schema.org\",\"@graph\":[{\"@type\":\"WebPage\",\"@id\":\"https:\/\/www.comparateur.be\/assurances\/assureurs\/yuzzu\",\"url\":\"https:\/\/www.comparateur.be\/assurances\/assureurs\/yuzzu\",\"name\":\"L'assureur Yuzzu | Comparateur.be\",\"isPartOf\":{\"@id\":\"https:\/\/www.comparateur.be\/#website\"},\"datePublished\":\"2022-09-16T13:52:09+00:00\",\"dateModified\":\"2026-01-05T11:10:13+00:00\",\"description\":\"D\u00e9couvrez comment Yuzzu peut vous faciliter la vie. Comparateur.be vous informe sur les origines et les activit\u00e9s de cet assureur.\",\"breadcrumb\":{\"@id\":\"https:\/\/www.comparateur.be\/assurances\/assureurs\/yuzzu#breadcrumb\"},\"inLanguage\":\"fr-BE\",\"potentialAction\":[{\"@type\":\"ReadAction\",\"target\":[\"https:\/\/www.comparateur.be\/assurances\/assureurs\/yuzzu\"]}]},{\"@type\":\"BreadcrumbList\",\"@id\":\"https:\/\/www.comparateur.be\/assurances\/assureurs\/yuzzu#breadcrumb\",\"itemListElement\":[{\"@type\":\"ListItem\",\"position\":1,\"name\":\"Home\",\"item\":\"https:\/\/www.comparateur.be\/\"},{\"@type\":\"ListItem\",\"position\":2,\"name\":\"Assurances\",\"item\":\"https:\/\/www.comparateur.be\/assurances\"},{\"@type\":\"ListItem\",\"position\":3,\"name\":\"Assureurs\",\"item\":\"https:\/\/www.comparateur.be\/assurances\/assureurs\"},{\"@type\":\"ListItem\",\"position\":4,\"name\":\"Yuzzu\"}]},{\"@type\":\"WebSite\",\"@id\":\"https:\/\/www.comparateur.be\/#website\",\"url\":\"https:\/\/www.comparateur.be\/\",\"name\":\"MIjnvergelijker.be\",\"description\":\"\",\"publisher\":{\"@id\":\"https:\/\/www.comparateur.be\/#organization\"},\"potentialAction\":[{\"@type\":\"SearchAction\",\"target\":{\"@type\":\"EntryPoint\",\"urlTemplate\":\"https:\/\/www.comparateur.be\/?s={search_term_string}\"},\"query-input\":\"required name=search_term_string\"}],\"inLanguage\":\"fr-BE\"},{\"@type\":\"Organization\",\"@id\":\"https:\/\/www.comparateur.be\/#organization\",\"name\":\"Comparateur.be\",\"url\":\"https:\/\/www.comparateur.be\/\",\"logo\":{\"@type\":\"ImageObject\",\"inLanguage\":\"fr-BE\",\"@id\":\"https:\/\/www.comparateur.be\/#\/schema\/logo\/image\/\",\"url\":\"https:\/\/www.comparateur.be\/wordpress\/wp-content\/uploads\/2024\/09\/Algemeen_met-slogan_NL@.png\",\"contentUrl\":\"https:\/\/www.comparateur.be\/wordpress\/wp-content\/uploads\/2024\/09\/Algemeen_met-slogan_NL@.png\",\"width\":2444,\"height\":418,\"caption\":\"Comparateur.be\"},\"image\":{\"@id\":\"https:\/\/www.comparateur.be\/#\/schema\/logo\/image\/\"},\"sameAs\":[\"https:\/\/www.facebook.com\/Mijnvergelijker\/\"]}]}<\/script>\n<!-- \/ Yoast SEO Premium plugin. -->","yoast_head_json":{"title":"L'assureur Yuzzu | Comparateur.be","description":"D\u00e9couvrez comment Yuzzu peut vous faciliter la vie. Comparateur.be vous informe sur les origines et les activit\u00e9s de cet assureur.","robots":{"index":"index","follow":"follow","max-snippet":"max-snippet:-1","max-image-preview":"max-image-preview:large","max-video-preview":"max-video-preview:-1"},"canonical":"https:\/\/www.comparateur.be\/assurances\/assureurs\/yuzzu","og_locale":"fr_FR","og_type":"article","og_title":"Yuzzu","og_description":"D\u00e9couvrez comment Yuzzu peut vous faciliter la vie. Comparateur.be vous informe sur les origines et les activit\u00e9s de cet assureur.","og_url":"https:\/\/www.comparateur.be\/assurances\/assureurs\/yuzzu","og_site_name":"Comparateur.be","article_publisher":"https:\/\/www.facebook.com\/Mijnvergelijker\/","article_modified_time":"2026-01-05T11:10:13+00:00","og_image":[{"width":2444,"height":418,"url":"https:\/\/www.comparateur.be\/wordpress\/wp-content\/uploads\/2024\/09\/Algemeen_met-slogan_NL@.png","type":"image\/png"}],"twitter_card":"summary_large_image","schema":{"@context":"https:\/\/schema.org","@graph":[{"@type":"WebPage","@id":"https:\/\/www.comparateur.be\/assurances\/assureurs\/yuzzu","url":"https:\/\/www.comparateur.be\/assurances\/assureurs\/yuzzu","name":"L'assureur Yuzzu | Comparateur.be","isPartOf":{"@id":"https:\/\/www.comparateur.be\/#website"},"datePublished":"2022-09-16T13:52:09+00:00","dateModified":"2026-01-05T11:10:13+00:00","description":"D\u00e9couvrez comment Yuzzu peut vous faciliter la vie. Comparateur.be vous informe sur les origines et les activit\u00e9s de cet assureur.","breadcrumb":{"@id":"https:\/\/www.comparateur.be\/assurances\/assureurs\/yuzzu#breadcrumb"},"inLanguage":"fr-BE","potentialAction":[{"@type":"ReadAction","target":["https:\/\/www.comparateur.be\/assurances\/assureurs\/yuzzu"]}]},{"@type":"BreadcrumbList","@id":"https:\/\/www.comparateur.be\/assurances\/assureurs\/yuzzu#breadcrumb","itemListElement":[{"@type":"ListItem","position":1,"name":"Home","item":"https:\/\/www.comparateur.be\/"},{"@type":"ListItem","position":2,"name":"Assurances","item":"https:\/\/www.comparateur.be\/assurances"},{"@type":"ListItem","position":3,"name":"Assureurs","item":"https:\/\/www.comparateur.be\/assurances\/assureurs"},{"@type":"ListItem","position":4,"name":"Yuzzu"}]},{"@type":"WebSite","@id":"https:\/\/www.comparateur.be\/#website","url":"https:\/\/www.comparateur.be\/","name":"MIjnvergelijker.be","description":"","publisher":{"@id":"https:\/\/www.comparateur.be\/#organization"},"potentialAction":[{"@type":"SearchAction","target":{"@type":"EntryPoint","urlTemplate":"https:\/\/www.comparateur.be\/?s={search_term_string}"},"query-input":"required name=search_term_string"}],"inLanguage":"fr-BE"},{"@type":"Organization","@id":"https:\/\/www.comparateur.be\/#organization","name":"Comparateur.be","url":"https:\/\/www.comparateur.be\/","logo":{"@type":"ImageObject","inLanguage":"fr-BE","@id":"https:\/\/www.comparateur.be\/#\/schema\/logo\/image\/","url":"https:\/\/www.comparateur.be\/wordpress\/wp-content\/uploads\/2024\/09\/Algemeen_met-slogan_NL@.png","contentUrl":"https:\/\/www.comparateur.be\/wordpress\/wp-content\/uploads\/2024\/09\/Algemeen_met-slogan_NL@.png","width":2444,"height":418,"caption":"Comparateur.be"},"image":{"@id":"https:\/\/www.comparateur.be\/#\/schema\/logo\/image\/"},"sameAs":["https:\/\/www.facebook.com\/Mijnvergelijker\/"]}]}},"_links":{"self":[{"href":"https:\/\/www.comparateur.be\/wordpress\/wp-json\/wp\/v2\/pages\/1533"}],"collection":[{"href":"https:\/\/www.comparateur.be\/wordpress\/wp-json\/wp\/v2\/pages"}],"about":[{"href":"https:\/\/www.comparateur.be\/wordpress\/wp-json\/wp\/v2\/types\/page"}],"author":[{"embeddable":true,"href":"https:\/\/www.comparateur.be\/wordpress\/wp-json\/wp\/v2\/users\/1"}],"replies":[{"embeddable":true,"href":"https:\/\/www.comparateur.be\/wordpress\/wp-json\/wp\/v2\/comments?post=1533"}],"version-history":[{"count":18,"href":"https:\/\/www.comparateur.be\/wordpress\/wp-json\/wp\/v2\/pages\/1533\/revisions"}],"predecessor-version":[{"id":15563,"href":"https:\/\/www.comparateur.be\/wordpress\/wp-json\/wp\/v2\/pages\/1533\/revisions\/15563"}],"up":[{"embeddable":true,"href":"https:\/\/www.comparateur.be\/wordpress\/wp-json\/wp\/v2\/pages\/939"}],"wp:attachment":[{"href":"https:\/\/www.comparateur.be\/wordpress\/wp-json\/wp\/v2\/media?parent=1533"}],"curies":[{"name":"wp","href":"https:\/\/api.w.org\/{rel}","templated":true}]}}