{"id":1478,"date":"2022-09-16T11:44:03","date_gmt":"2022-09-16T11:44:03","guid":{"rendered":"https:\/\/www.mijnvergelijker.be\/wordpress\/?page_id=1478"},"modified":"2025-10-17T09:54:03","modified_gmt":"2025-10-17T07:54:03","slug":"courtier-en-ligne","status":"publish","type":"page","link":"https:\/\/www.comparateur.be\/assurances\/courtier-en-ligne","title":{"rendered":"Courtier en ligne"},"content":{"rendered":"\n<section id=\"heroes-text-block_63174cd57ae38\" class=\"heroes-text hero hero--text\">\n    <div class=\"container\">\n                    <h1 class=\"heading-xl mb-md-40\">\u200bCourtier en ligne<\/h1>\n                <div class=\"wysiwyg body-lg mb-md-40\">\n            <p>\n            Vous souhaitez g\u00e9rer toutes vos assurances par vous-m\u00eame ? Nous sommes l\u00e0 pour vous aider \u00e0 clarifier les options et garder une vision d&rsquo;ensemble. Comparez en toute transparence les assurances auto, habitation et obs\u00e8ques.\r\n            <\/p>\n        <\/div>\n                    <div class=\"button-container\">\n                <a href=\"https:\/\/www.comparateur.be\/assurances\" class=\"button button--primary \" type=\"primary\">\n                    <span class=\"d-flex align-items-center\">\n                        comparez les assurances                         <svg xmlns=\"http:\/\/www.w3.org\/2000\/svg\" width=\"22\" height=\"22\" viewBox=\"0 0 24 24\" fill=\"none\" class=\"arrow-right\"><path d=\"M5 12H19\" stroke-width=\"2\" stroke-linecap=\"round\" stroke-linejoin=\"round\"\/><path d=\"M12 5L19 12L12 19\" stroke-width=\"2\" stroke-linecap=\"round\" stroke-linejoin=\"round\"\/><\/svg>                    <\/span>\n                <\/a>\n            <\/div>\n                        <\/section>\n\n\n    <style>\r\n        html {\r\n            scroll-behavior: smooth;\r\n        }\r\n    <\/style>\r\n\r\n            <section class=\"section\">\r\n        <div class=\"container article-smooth\">\r\n        <div class=\"row\">\r\n        <div class=\"col-12 col-md-6 col-lg-8\" id=\"main-article\"  data-anchor-class=\"subtitle\" >\r\n                <!-- <section class=\"section\"> -->\r\n        <div id=\"article-block_6317486d7ae01\"\r\n         class=\"article \">\r\n                                                                                <!-- <div class=\"articleblock\"> -->\r\n                        <h3 class=\"heading heading--three heading-md subtitle\" id=\"courtier-dassurance-versus-agent-dassurance\" >Courtier d&rsquo;assurance versus agent d&rsquo;assurance<\/h3>                                                    <p>Les termes &lsquo;courtier&rsquo; et &lsquo;agent d&rsquo;assurance&rsquo; sont souvent utilis\u00e9s de la m\u00eame mani\u00e8re. Pourtant, il y a une diff\u00e9rence entre les deux.<\/p>\n<p>Un agent d&rsquo;assurance est un interm\u00e9diaire qui ne travaille qu&rsquo;avec un seul assureur par produit. L&rsquo;agent d&rsquo;assurance ne peut donc vous proposer que des contrats de la compagnie d&rsquo;assurance avec laquelle il a conclu un accord pour ce type d&rsquo;assurance. Un exemple d&rsquo;agent d&rsquo;assurance est la banque assureur. En tant qu&rsquo;agent d&rsquo;assurance, la banque ne vend que des produits d&rsquo;assurance de son groupe. Un agent d&rsquo;assurance ne peut pas vous proposer une comparaison entre diff\u00e9rentes polices d&rsquo;assurance de plusieurs assureurs.<\/p>\n<p>Un courtier d&rsquo;assurance travaille ind\u00e9pendamment des compagnies d&rsquo;assurance et peut donc vous proposer des produits de diff\u00e9rentes compagnies d&rsquo;assurance. Un courtier vous proposera donc diff\u00e9rentes marques adapt\u00e9es \u00e0 vos besoins. Il peut toutefois vous fournir une comparaison entre les diff\u00e9rentes polices d&rsquo;assurance afin que vous puissiez toujours <a href=\"https:\/\/www.comparateur.be\/assurance-habitation\/souscrire\">souscrire<\/a>\u00a0une police d&rsquo;assurance adapt\u00e9e \u00e0 vos besoins.<\/p>\n                                                <!-- <\/div> -->\r\n                                            <!-- <div class=\"articleblock\"> -->\r\n                        <h3 class=\"heading heading--three heading-md subtitle\" id=\"quel-est-le-rle-dun-courtier-\" >Quel est le r\u00f4le d&rsquo;un courtier ?<\/h3>                                                    <section id=\"2\" class=\"icp-white-section\" data-icp-block=\"\">\n<div id=\"toc-target-1-waarom-is-een-ba-autoverzekering-verplicht\" class=\"icp-title-aside-block toc-target-section\">\n<div class=\"icp-title-aside-block--content\">\n<div class=\"icp-content \" data-icp-block=\"\">\n<div class=\"icp-content--inner\">\n<p>Un courtier vous donne des conseils sur le type d\u2019assurance qui vous convient le mieux, r\u00e9pond \u00e0 vos questions et s\u2019occupe de la conclusion du contrat avec l\u2019assureur. En fonction de l&rsquo;accord que le courtier a pass\u00e9 avec les assureurs avec lesquels il travaille, il peut s&rsquo;occuper de toutes les modifications de votre contrat et il vous aidera \u00e0 r\u00e9gler les dommages \u00e9ventuels. Il peut \u00e9galement s&rsquo;occuper de votre changement d&rsquo;adresse, de votre changement de voiture, par exemple, ou de vos garanties. Le courtier re\u00e7oit, en fonction de l&rsquo;\u00e9tendue de ses t\u00e2ches, une commission de l&rsquo;assureur. En tant que consommateur, vous ne payez pas plus que si vous vous assuriez directement aupr\u00e8s de la compagnie d&rsquo;assurance. La commission que l&rsquo;assureur verse au courtier d&rsquo;assurance est une compensation pour les services que le courtier rend. L&rsquo;assureur n&rsquo;est pas tenu de faire appel \u00e0 son propre personnel pour ces services.<\/p>\n<\/div>\n<\/div>\n<\/div>\n<\/div>\n<\/section>\n<section id=\"3\" class=\"icp-white-section\" data-icp-block=\"\">\n<div id=\"toc-target-2-wie-valt-er-onder-de-waarborg-van-een-ba-auto\" class=\"icp-title-aside-block toc-target-section\"><\/div>\n<\/section>\n                                                <!-- <\/div> -->\r\n                                            <!-- <div class=\"articleblock\"> -->\r\n                        <h3 class=\"heading heading--three heading-md subtitle\" id=\"independer-un-courtier-dassurance-indpendant-et-partenaire-de-comparateurbe\" >Independer, un courtier d&rsquo;assurance ind\u00e9pendant et partenaire de Comparateur.be<\/h3>                                                    <p>Pour la comparaison des assurances, Comparateur.be fait appel \u00e0 Independer, un courtier en ligne fond\u00e9 aux Pays-Bas en 1999 et actif en Belgique depuis janvier 2021. Comparateur.be offre une plateforme de comparaison permettant aux consommateurs de faire des \u00e9conomies aux moments-cl\u00e9s de leur vie.<\/p>\n<p>Les experts d\u2019Independer s\u2019engagent \u00e0 rendre le monde de l\u2019assurance plus transparent et plus pratique, en vous aidant \u00e0 comparer et \u00e0 conclure une assurance auto, habitation ou obs\u00e8ques l\u2019esprit tranquille. Ainsi, vous pouvez prendre une d\u00e9cision r\u00e9fl\u00e9chie et <a href=\"https:\/\/www.comparateur.be\/assurance-habitation\/souscrire\">souscrire<\/a>\u00a0vous-m\u00eame une police d\u2019assurance en ligne.<\/p>\n<p>Pour l\u2019instant, Independer travaille avec\u00a0<a href=\"https:\/\/www.comparateur.be\/assurances\/assureurs\">ces assureurs<\/a>. D\u2019autres suivront.<\/p>\n                                                <!-- <\/div> -->\r\n                                            <!-- <div class=\"articleblock\"> -->\r\n                        <h3 class=\"heading heading--three heading-md subtitle\" id=\"quelle-est-la-plus-value-de-travailler-avec-un-courtier-\" >Quelle est la plus-value de travailler avec un courtier ?<\/h3>                                                    <section id=\"4\" class=\"icp-white-section\" data-icp-block=\"\">\n<div id=\"toc-target-3-waarom-kies-je-voor-een-makelaar\" class=\"icp-title-aside-block toc-target-section\">\n<div class=\"icp-title-aside-block--content\">\n<div class=\"icp-content \" data-icp-block=\"\">\n<div class=\"icp-content--inner\">\n<p>Vous ne savez pas quelle couverture prendre ? Vous avez des difficult\u00e9s \u00e0 comparer l&rsquo;offre de diff\u00e9rents assureurs ? Comparateur.be peut compter sur une \u00e9quipe d&rsquo;experts d&rsquo;Independer, courtier en ligne ind\u00e9pendant, pour r\u00e9pondre \u00e0 vos questions et pour faciliter vos choix. Ainsi, nous pouvons vous donner des conseils pertinents sur les points flous de votre contrat, afin que vous ayez une id\u00e9e claire avant m\u00eame de le signer.<\/p>\n<\/div>\n<\/div>\n<\/div>\n<\/div>\n<\/section>\n<section id=\"5\" class=\"icp-white-section\" data-icp-block=\"\">\n<div id=\"toc-target-4-hoe-weet-ik-of-independer-een-betrouwbare-partner-is\" class=\"icp-title-aside-block toc-target-section\"><\/div>\n<\/section>\n                                                <!-- <\/div> -->\r\n                                            <!-- <div class=\"articleblock\"> -->\r\n                        <h3 class=\"heading heading--three heading-md subtitle\" id=\"comment-savoir-si-comparateurbe-et-independer-sont-des-partenaires-fiables-\" >Comment savoir si Comparateur.be et Independer sont des partenaires fiables ?<\/h3>                                                    <p>Pour la comparaison des assurances, Comparateur.be fait appel \u00e0 Independer, un courtier ind\u00e9pendant en ligne. Independer est inscrit dans le registre de la FSMA, l&rsquo;Autorit\u00e9 des march\u00e9s financiers. La FSMA veille \u00e0 ce que chaque interm\u00e9diaire respecte les r\u00e8gles impos\u00e9es. Le num\u00e9ro d&rsquo;enregistrement d&rsquo;Independer aupr\u00e8s de la FSMA est le 0741.664.275.<\/p>\n                                                <!-- <\/div> -->\r\n                                                                    <\/div>\r\n    <br>\r\n        <\/div>\r\n\r\n    <div class=\"col-12 col-md-6 col-lg-4\">\r\n                <div class=\"sticky\">\r\n            <div class=\"summary summary--anchors\">\r\n                <div id=\"summary-anchors\">\r\n                                            <h3>Sommaire<\/h3>\r\n                                    <\/div>\r\n            <\/div>\r\n            <div class=\"summary summary--links\">\r\n                <div class=\"summary--links-list\">\r\n                                            <h3>En savoir plus sur<\/h3>\r\n                                        <a class=\"summary--links-list--link\" href=\"https:\/\/www.comparateur.be\/assurance-habitation\/garantie\"><span>Assurer une voiture : quelle assurance auto prendre?<\/span><\/a><a class=\"summary--links-list--link\" href=\"https:\/\/www.comparateur.be\/assurance-auto\/assurances-complementaires\"><span>Assurances compl\u00e9mentaires pour une assurance auto<\/span><\/a><a class=\"summary--links-list--link\" href=\"https:\/\/www.comparateur.be\/assurance-auto\/dommages\/bonus-malus\/attestation-de-sinistre\"><span>D\u00e9couvrez le nombre d\u2019ann\u00e9es sans sinistre sur votre attestation de sinistre<\/span><\/a>                <\/div>\r\n            <\/div>\r\n        <\/div>\r\n    <\/div>\r\n\r\n    <\/div>\r\n    <\/div>\r\n    <!-- <\/section> -->\r\n        <\/section>\r\n","protected":false},"excerpt":{"rendered":"","protected":false},"author":1,"featured_media":0,"parent":64,"menu_order":0,"comment_status":"closed","ping_status":"closed","template":"","meta":{"footnotes":""},"class_list":["post-1478","page","type-page","status-publish","hentry"],"acf":[],"yoast_head":"<!-- This site is optimized with the Yoast SEO Premium plugin v23.4 (Yoast SEO v23.4) - https:\/\/yoast.com\/wordpress\/plugins\/seo\/ -->\n<title>Le courtier ind\u00e9pendant Independer | Comparateur.be<\/title>\n<meta name=\"description\" content=\"Pour comparer les assurances, Comparateur.be fait appel \u00e0 Independer. D\u00e9couvrez pourquoi nous travaillons avec un courtier en ligne.\" \/>\n<meta name=\"robots\" content=\"index, follow, max-snippet:-1, max-image-preview:large, max-video-preview:-1\" \/>\n<link rel=\"canonical\" href=\"https:\/\/www.comparateur.be\/assurances\/courtier-en-ligne\" \/>\n<meta property=\"og:locale\" content=\"fr_FR\" \/>\n<meta property=\"og:type\" content=\"article\" \/>\n<meta property=\"og:title\" content=\"Courtier en ligne\" \/>\n<meta property=\"og:description\" content=\"Pour comparer les assurances, Comparateur.be fait appel \u00e0 Independer. D\u00e9couvrez pourquoi nous travaillons avec un courtier en ligne.\" \/>\n<meta property=\"og:url\" content=\"https:\/\/www.comparateur.be\/assurances\/courtier-en-ligne\" \/>\n<meta property=\"og:site_name\" content=\"Comparateur.be\" \/>\n<meta property=\"article:publisher\" content=\"https:\/\/www.facebook.com\/Mijnvergelijker\/\" \/>\n<meta property=\"article:modified_time\" content=\"2025-10-17T07:54:03+00:00\" \/>\n<meta property=\"og:image\" content=\"https:\/\/www.comparateur.be\/wordpress\/wp-content\/uploads\/2024\/09\/Algemeen_met-slogan_NL@.png\" \/>\n\t<meta property=\"og:image:width\" content=\"2444\" \/>\n\t<meta property=\"og:image:height\" content=\"418\" \/>\n\t<meta property=\"og:image:type\" content=\"image\/png\" \/>\n<meta name=\"twitter:card\" content=\"summary_large_image\" \/>\n<script type=\"application\/ld+json\" class=\"yoast-schema-graph\">{\"@context\":\"https:\/\/schema.org\",\"@graph\":[{\"@type\":\"WebPage\",\"@id\":\"https:\/\/www.comparateur.be\/assurances\/courtier-en-ligne\",\"url\":\"https:\/\/www.comparateur.be\/assurances\/courtier-en-ligne\",\"name\":\"Le courtier ind\u00e9pendant Independer | Comparateur.be\",\"isPartOf\":{\"@id\":\"https:\/\/www.comparateur.be\/#website\"},\"datePublished\":\"2022-09-16T11:44:03+00:00\",\"dateModified\":\"2025-10-17T07:54:03+00:00\",\"description\":\"Pour comparer les assurances, Comparateur.be fait appel \u00e0 Independer. D\u00e9couvrez pourquoi nous travaillons avec un courtier en ligne.\",\"breadcrumb\":{\"@id\":\"https:\/\/www.comparateur.be\/assurances\/courtier-en-ligne#breadcrumb\"},\"inLanguage\":\"fr-BE\",\"potentialAction\":[{\"@type\":\"ReadAction\",\"target\":[\"https:\/\/www.comparateur.be\/assurances\/courtier-en-ligne\"]}]},{\"@type\":\"BreadcrumbList\",\"@id\":\"https:\/\/www.comparateur.be\/assurances\/courtier-en-ligne#breadcrumb\",\"itemListElement\":[{\"@type\":\"ListItem\",\"position\":1,\"name\":\"Home\",\"item\":\"https:\/\/www.comparateur.be\/\"},{\"@type\":\"ListItem\",\"position\":2,\"name\":\"Assurances\",\"item\":\"https:\/\/www.comparateur.be\/assurances\"},{\"@type\":\"ListItem\",\"position\":3,\"name\":\"Courtier en ligne\"}]},{\"@type\":\"WebSite\",\"@id\":\"https:\/\/www.comparateur.be\/#website\",\"url\":\"https:\/\/www.comparateur.be\/\",\"name\":\"MIjnvergelijker.be\",\"description\":\"\",\"publisher\":{\"@id\":\"https:\/\/www.comparateur.be\/#organization\"},\"potentialAction\":[{\"@type\":\"SearchAction\",\"target\":{\"@type\":\"EntryPoint\",\"urlTemplate\":\"https:\/\/www.comparateur.be\/?s={search_term_string}\"},\"query-input\":\"required name=search_term_string\"}],\"inLanguage\":\"fr-BE\"},{\"@type\":\"Organization\",\"@id\":\"https:\/\/www.comparateur.be\/#organization\",\"name\":\"Comparateur.be\",\"url\":\"https:\/\/www.comparateur.be\/\",\"logo\":{\"@type\":\"ImageObject\",\"inLanguage\":\"fr-BE\",\"@id\":\"https:\/\/www.comparateur.be\/#\/schema\/logo\/image\/\",\"url\":\"https:\/\/www.comparateur.be\/wordpress\/wp-content\/uploads\/2024\/09\/Algemeen_met-slogan_NL@.png\",\"contentUrl\":\"https:\/\/www.comparateur.be\/wordpress\/wp-content\/uploads\/2024\/09\/Algemeen_met-slogan_NL@.png\",\"width\":2444,\"height\":418,\"caption\":\"Comparateur.be\"},\"image\":{\"@id\":\"https:\/\/www.comparateur.be\/#\/schema\/logo\/image\/\"},\"sameAs\":[\"https:\/\/www.facebook.com\/Mijnvergelijker\/\"]}]}<\/script>\n<!-- \/ Yoast SEO Premium plugin. -->","yoast_head_json":{"title":"Le courtier ind\u00e9pendant Independer | Comparateur.be","description":"Pour comparer les assurances, Comparateur.be fait appel \u00e0 Independer. D\u00e9couvrez pourquoi nous travaillons avec un courtier en ligne.","robots":{"index":"index","follow":"follow","max-snippet":"max-snippet:-1","max-image-preview":"max-image-preview:large","max-video-preview":"max-video-preview:-1"},"canonical":"https:\/\/www.comparateur.be\/assurances\/courtier-en-ligne","og_locale":"fr_FR","og_type":"article","og_title":"Courtier en ligne","og_description":"Pour comparer les assurances, Comparateur.be fait appel \u00e0 Independer. D\u00e9couvrez pourquoi nous travaillons avec un courtier en ligne.","og_url":"https:\/\/www.comparateur.be\/assurances\/courtier-en-ligne","og_site_name":"Comparateur.be","article_publisher":"https:\/\/www.facebook.com\/Mijnvergelijker\/","article_modified_time":"2025-10-17T07:54:03+00:00","og_image":[{"width":2444,"height":418,"url":"https:\/\/www.comparateur.be\/wordpress\/wp-content\/uploads\/2024\/09\/Algemeen_met-slogan_NL@.png","type":"image\/png"}],"twitter_card":"summary_large_image","schema":{"@context":"https:\/\/schema.org","@graph":[{"@type":"WebPage","@id":"https:\/\/www.comparateur.be\/assurances\/courtier-en-ligne","url":"https:\/\/www.comparateur.be\/assurances\/courtier-en-ligne","name":"Le courtier ind\u00e9pendant Independer | Comparateur.be","isPartOf":{"@id":"https:\/\/www.comparateur.be\/#website"},"datePublished":"2022-09-16T11:44:03+00:00","dateModified":"2025-10-17T07:54:03+00:00","description":"Pour comparer les assurances, Comparateur.be fait appel \u00e0 Independer. D\u00e9couvrez pourquoi nous travaillons avec un courtier en ligne.","breadcrumb":{"@id":"https:\/\/www.comparateur.be\/assurances\/courtier-en-ligne#breadcrumb"},"inLanguage":"fr-BE","potentialAction":[{"@type":"ReadAction","target":["https:\/\/www.comparateur.be\/assurances\/courtier-en-ligne"]}]},{"@type":"BreadcrumbList","@id":"https:\/\/www.comparateur.be\/assurances\/courtier-en-ligne#breadcrumb","itemListElement":[{"@type":"ListItem","position":1,"name":"Home","item":"https:\/\/www.comparateur.be\/"},{"@type":"ListItem","position":2,"name":"Assurances","item":"https:\/\/www.comparateur.be\/assurances"},{"@type":"ListItem","position":3,"name":"Courtier en ligne"}]},{"@type":"WebSite","@id":"https:\/\/www.comparateur.be\/#website","url":"https:\/\/www.comparateur.be\/","name":"MIjnvergelijker.be","description":"","publisher":{"@id":"https:\/\/www.comparateur.be\/#organization"},"potentialAction":[{"@type":"SearchAction","target":{"@type":"EntryPoint","urlTemplate":"https:\/\/www.comparateur.be\/?s={search_term_string}"},"query-input":"required name=search_term_string"}],"inLanguage":"fr-BE"},{"@type":"Organization","@id":"https:\/\/www.comparateur.be\/#organization","name":"Comparateur.be","url":"https:\/\/www.comparateur.be\/","logo":{"@type":"ImageObject","inLanguage":"fr-BE","@id":"https:\/\/www.comparateur.be\/#\/schema\/logo\/image\/","url":"https:\/\/www.comparateur.be\/wordpress\/wp-content\/uploads\/2024\/09\/Algemeen_met-slogan_NL@.png","contentUrl":"https:\/\/www.comparateur.be\/wordpress\/wp-content\/uploads\/2024\/09\/Algemeen_met-slogan_NL@.png","width":2444,"height":418,"caption":"Comparateur.be"},"image":{"@id":"https:\/\/www.comparateur.be\/#\/schema\/logo\/image\/"},"sameAs":["https:\/\/www.facebook.com\/Mijnvergelijker\/"]}]}},"_links":{"self":[{"href":"https:\/\/www.comparateur.be\/wordpress\/wp-json\/wp\/v2\/pages\/1478"}],"collection":[{"href":"https:\/\/www.comparateur.be\/wordpress\/wp-json\/wp\/v2\/pages"}],"about":[{"href":"https:\/\/www.comparateur.be\/wordpress\/wp-json\/wp\/v2\/types\/page"}],"author":[{"embeddable":true,"href":"https:\/\/www.comparateur.be\/wordpress\/wp-json\/wp\/v2\/users\/1"}],"replies":[{"embeddable":true,"href":"https:\/\/www.comparateur.be\/wordpress\/wp-json\/wp\/v2\/comments?post=1478"}],"version-history":[{"count":32,"href":"https:\/\/www.comparateur.be\/wordpress\/wp-json\/wp\/v2\/pages\/1478\/revisions"}],"predecessor-version":[{"id":10207,"href":"https:\/\/www.comparateur.be\/wordpress\/wp-json\/wp\/v2\/pages\/1478\/revisions\/10207"}],"up":[{"embeddable":true,"href":"https:\/\/www.comparateur.be\/wordpress\/wp-json\/wp\/v2\/pages\/64"}],"wp:attachment":[{"href":"https:\/\/www.comparateur.be\/wordpress\/wp-json\/wp\/v2\/media?parent=1478"}],"curies":[{"name":"wp","href":"https:\/\/api.w.org\/{rel}","templated":true}]}}