{"id":14142,"date":"2025-07-28T09:10:19","date_gmt":"2025-07-28T07:10:19","guid":{"rendered":"https:\/\/www.mijnvergelijker.be\/?page_id=14142"},"modified":"2025-07-28T11:02:12","modified_gmt":"2025-07-28T09:02:12","slug":"aviza-insurance","status":"publish","type":"page","link":"https:\/\/www.comparateur.be\/assurances\/assureurs\/aviza-insurance","title":{"rendered":"Aviza Insurance"},"content":{"rendered":"\n<section id=\"heroes-text-block_6334384cf69b2\" class=\"heroes-text hero hero--text\">\n    <div class=\"container\">\n                    <h1 class=\"heading-xl mb-md-40\">Aviza Insurance<\/h1>\n                <div class=\"wysiwyg body-lg mb-md-40\">\n            <p>\n            Aviza est un assureur belge actif dans tout le pays. Depuis son bureau \u00e0 Anvers, il aide les particuliers \u00e0 prot\u00e9ger leur pr\u00eat. Aviza se sp\u00e9cialise dans un seul type d\u2019assurance : l\u2019assurance solde restant d\u00fb.\r\n            <\/p>\n        <\/div>\n                    <div class=\"button-container\">\n                <a href=\"https:\/\/www.comparateur.be\/assurance-solde-restant-du\" class=\"button button--primary \" type=\"primary\">\n                    <span class=\"d-flex align-items-center\">\n                        Comparez les assurances solde restant d\u00fb                        <svg xmlns=\"http:\/\/www.w3.org\/2000\/svg\" width=\"22\" height=\"22\" viewBox=\"0 0 24 24\" fill=\"none\" class=\"arrow-right\"><path d=\"M5 12H19\" stroke-width=\"2\" stroke-linecap=\"round\" stroke-linejoin=\"round\"\/><path d=\"M12 5L19 12L12 19\" stroke-width=\"2\" stroke-linecap=\"round\" stroke-linejoin=\"round\"\/><\/svg>                    <\/span>\n                <\/a>\n            <\/div>\n                        <\/section>\n\n\n    <style>\r\n        html {\r\n            scroll-behavior: smooth;\r\n        }\r\n    <\/style>\r\n\r\n            <section class=\"section\">\r\n        <div class=\"container article-smooth\">\r\n        <div class=\"row\">\r\n        <div class=\"col-12 col-md-6 col-lg-8\" id=\"main-article\"  data-anchor-class=\"title\" >\r\n                <!-- <section class=\"section\"> -->\r\n        <div id=\"article-block_63343858f69b3\"\r\n         class=\"article \">\r\n                                            <h2 class=\"title\" id=\"qui-est-aviza-insurance\">Qui est Aviza Insurance?<\/h2>\r\n                                                                        <!-- <div class=\"articleblock\"> -->\r\n                                                                            <p><span style=\"font-weight: 400;\">Aviza travaille avec un r\u00e9seau \u00e9tendu d\u2019environ 800 courtiers r\u00e9partis dans toute la Belgique. Ainsi, en tant que client, vous b\u00e9n\u00e9ficiez toujours d\u2019un service local. De plus, Aviza est la seule entreprise \u00e0 avoir obtenu une note de cinq \u00e9toiles lors du dernier test de Test-Achats. Cette \u00e9valuation se base sur une comparaison approfondie des garanties, tarifs et conditions g\u00e9n\u00e9rales des assureurs en Belgique.<\/span><\/p>\n<p><span style=\"font-weight: 400;\">Compar\u00e9 aux grandes banques et aux principaux pr\u00eateurs hypoth\u00e9caires, Aviza propose des tarifs plus avantageux. Pour les non-fumeurs, l\u2019assurance peut co\u00fbter jusqu\u2019\u00e0 moiti\u00e9 prix tout en maintenant une couverture optimale.<\/span><\/p>\n                                                <!-- <\/div> -->\r\n                                                                                                    <h2 class=\"title\" id=\"contact-et-sige-social\">Contact et si\u00e8ge social<\/h2>\r\n                                                                        <!-- <div class=\"articleblock\"> -->\r\n                                                                            <p><span style=\"font-weight: 400;\">Le si\u00e8ge d\u2019Aviza se trouve \u00e0 Berchem (Anvers). <\/span><\/p>\n<ul>\n<li><b>Adresse<\/b><span style=\"font-weight: 400;\"> : Koninklijkelaan 74, 2600 Berchem<\/span><\/li>\n<li><b>T\u00e9l\u00e9phone<\/b><span style=\"font-weight: 400;\"> : +32 (0)3 346 47 48<\/span><\/li>\n<li><b>E-mail<\/b><span style=\"font-weight: 400;\"> : <\/span><a href=\"mailto:contact@aviza.be\"><span style=\"font-weight: 400;\">contact@aviza.be<\/span><\/a><\/li>\n<\/ul>\n                                                <!-- <\/div> -->\r\n                                                                                                    <h2 class=\"title\" id=\"aviza-insurance--vitis-life-sa\">Aviza Insurance &#038; Vitis Life S.A.<\/h2>\r\n                                                                        <!-- <div class=\"articleblock\"> -->\r\n                                                                            <p><span style=\"font-weight: 400;\">Aviza n\u2019est pas une compagnie d\u2019assurance traditionnelle qui porte elle-m\u00eame les risques. C\u2019est un \u00ab souscripteur agr\u00e9\u00e9 \u00bb. Cela signifie qu\u2019elle est autoris\u00e9e \u00e0 agir au nom d\u2019une grande compagnie d\u2019assurance reconnue : Vitis Life S.A. Votre contrat d\u2019assurance est donc en r\u00e9alit\u00e9 conclu avec Vitis Life S.A., un assureur luxembourgeois avec une branche belge, reconnue par la Banque nationale de Belgique.<\/span><\/p>\n<p><span style=\"font-weight: 400;\">Vitis Life est sp\u00e9cialis\u00e9e dans les assurances vie et les solutions d\u2019\u00e9pargne, et est supervis\u00e9e par les autorit\u00e9s financi\u00e8res, offrant ainsi une s\u00e9curit\u00e9 et une stabilit\u00e9 suppl\u00e9mentaires. Gr\u00e2ce \u00e0 ce partenariat, Aviza peut se focaliser enti\u00e8rement sur ce qu\u2019elle fait de mieux : vous fournir un service personnalis\u00e9 et professionnel.<\/span><\/p>\n                                                <!-- <\/div> -->\r\n                                                                                                    <h2 class=\"title\" id=\"pourquoi-choisir-aviza--rsum-des-avantages\">Pourquoi choisir Aviza ? R\u00e9sum\u00e9 des avantages<\/h2>\r\n                                                                        <!-- <div class=\"articleblock\"> -->\r\n                                                                            <p><span style=\"font-weight: 400;\">Lorsque vous achetez un bien immobilier, il est souvent obligatoire de souscrire une assurance solde restant d\u00fb. Beaucoup de personnes le font aupr\u00e8s de la banque qui leur a accord\u00e9 le pr\u00eat hypoth\u00e9caire, mais ce n\u2019est pas une obligation. Vous \u00eates libre de choisir o\u00f9 souscrire votre assurance solde restant d\u00fb. Optez pour Aviza et b\u00e9n\u00e9ficiez des avantages suivants :<\/span><\/p>\n<ul>\n<li style=\"font-weight: 400;\" aria-level=\"1\"><b>Ind\u00e9pendant et flexible<\/b><span style=\"font-weight: 400;\"> : Aviza n\u2019est pas une banque. Votre assurance est donc ind\u00e9pendante de votre cr\u00e9dit hypoth\u00e9caire. Lorsque vous souscrivez cette assurance dans la banque qui vous a octroy\u00e9 le pr\u00eat, vous obtenez g\u00e9n\u00e9ralement une (petite) r\u00e9duction du taux d\u2019int\u00e9r\u00eat. Si vous la souscrivez ailleurs, le taux de votre pr\u00eat sera donc l\u00e9g\u00e8rement plus \u00e9lev\u00e9. Cela peut n\u00e9anmoins g\u00e9n\u00e9rer une \u00e9conomie substantielle. Si votre pr\u00eat \u00e9volue, votre contrat Aviza s\u2019adapte facilement. Pour les pr\u00eats souscrits apr\u00e8s le 1\/6\/24, il est possible de transf\u00e9rer sans perte d\u2019int\u00e9r\u00eat vers un autre assureur.<\/span><\/li>\n<li style=\"font-weight: 400;\" aria-level=\"1\"><b>Transparence<\/b><span style=\"font-weight: 400;\"> : Il n\u2019y a pas de frais cach\u00e9s ni de p\u00e9nalit\u00e9s si vous souhaitez modifier votre contrat. Tous les co\u00fbts sont clairement indiqu\u00e9s sur la fiche d\u2019information. Vos donn\u00e9es sont trait\u00e9es de mani\u00e8re strictement confidentielle et vous b\u00e9n\u00e9ficiez de conseils objectifs et ind\u00e9pendants.<\/span><\/li>\n<li style=\"font-weight: 400;\" aria-level=\"1\"><b>Gestion simplifi\u00e9e<\/b><span style=\"font-weight: 400;\"> : Aviza est autoris\u00e9e \u00e0 conclure et g\u00e9rer des contrats au nom de la compagnie d\u2019assurance. Cela vous garantit un interlocuteur unique pour toutes vos questions et une administration simple.<\/span><\/li>\n<li style=\"font-weight: 400;\" aria-level=\"1\"><b>Couverture fiable<\/b><span style=\"font-weight: 400;\"> : En cas de d\u00e9c\u00e8s, le capital assur\u00e9 est vers\u00e9 correctement, sans limitations inattendues. Vous \u00eates aussi libre de d\u00e9signer les b\u00e9n\u00e9ficiaires en fonction de votre situation personnelle.<\/span><\/li>\n<\/ul>\n                                                <!-- <\/div> -->\r\n                                                                                                    <h2 class=\"title\" id=\"le-produit-aviza--lassurance-solde-restant-d\">Le produit Aviza : l\u2019assurance solde restant d\u00fb<\/h2>\r\n                                                                        <!-- <div class=\"articleblock\"> -->\r\n                                                                            <p><span style=\"font-weight: 400;\">Aviza propose un seul produit bien d\u00e9fini : l\u2019assurance solde restant d\u00fb. Mais de quoi s\u2019agit-il exactement, et pourquoi choisir Aviza ?<\/span><\/p>\n                                                <!-- <\/div> -->\r\n                                                                                                    <h2 class=\"title\" id=\"qui-peut-souscrire-une-assurance-solde-restant-d-chez-aviza-\">Qui peut souscrire une assurance solde restant d\u00fb chez Aviza ?<\/h2>\r\n                                                                        <!-- <div class=\"articleblock\"> -->\r\n                                                                            <p><span style=\"font-weight: 400;\">En principe, toute personne souhaitant prot\u00e9ger son pr\u00eat peut s\u2019adresser \u00e0 Aviza :<\/span><\/p>\n<ul>\n<li style=\"font-weight: 400;\" aria-level=\"1\"><b>Particuliers<\/b><span style=\"font-weight: 400;\"> : ceux qui ach\u00e8tent, construisent ou r\u00e9novent une maison<\/span><\/li>\n<li style=\"font-weight: 400;\" aria-level=\"1\"><b>Coemprunteurs<\/b><span style=\"font-weight: 400;\"> : comme les couples contractant un pr\u00eat commun et souhaitant r\u00e9partir la couverture<\/span><\/li>\n<li style=\"font-weight: 400;\" aria-level=\"1\"><b>Ind\u00e9pendants et entrepreneurs<\/b><span style=\"font-weight: 400;\"> ayant un cr\u00e9dit professionnel<\/span><\/li>\n<li style=\"font-weight: 400;\" aria-level=\"1\"><b>Expats et non-r\u00e9sidents<\/b><span style=\"font-weight: 400;\"> : sous certaines conditions<\/span><\/li>\n<\/ul>\n<p><span style=\"font-weight: 400;\">Quelques crit\u00e8res concernant l\u2019\u00e2ge et la sant\u00e9 s\u2019appliquent. Il faut avoir au moins 18 ans et remplir un questionnaire m\u00e9dical. Selon votre \u00e2ge et le montant \u00e0 assurer, un examen m\u00e9dical compl\u00e9mentaire peut \u00eatre exig\u00e9.<\/span><\/p>\n                                                <!-- <\/div> -->\r\n                                                                                                    <h2 class=\"title\" id=\"les-restrictions\">Les restrictions<\/h2>\r\n                                                                        <!-- <div class=\"articleblock\"> -->\r\n                                                                            <p><span style=\"font-weight: 400;\">Comme chez tout assureur, certaines restrictions s\u2019appliquent :<\/span><\/p>\n<ul>\n<li style=\"font-weight: 400;\" aria-level=\"1\"><b>\u00c2ge<\/b><span style=\"font-weight: 400;\"> : Vous pouvez souscrire d\u00e8s 18 ans. L\u2019\u00e2ge maximum d\u2019inscription se situe en g\u00e9n\u00e9ral entre 70 et 75 ans. La couverture prend fin \u00e0 85 ans. Plus vous souscrivez tard, plus la prime est \u00e9lev\u00e9e.<\/span><\/li>\n<li style=\"font-weight: 400;\" aria-level=\"1\"><b>Sant\u00e9<\/b><span style=\"font-weight: 400;\"> : Certains probl\u00e8mes de sant\u00e9 comme le diab\u00e8te ou l&rsquo;hypertension peuvent entra\u00eener des primes plus \u00e9lev\u00e9es. Fumer influence \u00e9galement le prix. En cas de maladies graves, la demande peut \u00eatre refus\u00e9e.<\/span><\/li>\n<li style=\"font-weight: 400;\" aria-level=\"1\"><b>Profession<\/b><span style=\"font-weight: 400;\"> : Certains m\u00e9tiers (pompiers, militaires, secteur du b\u00e2timent) comportent plus de risques et peuvent donner lieu \u00e0 une prime plus \u00e9lev\u00e9e ou \u00e0 des contraintes sp\u00e9cifiques.<\/span><\/li>\n<\/ul>\n                                                <!-- <\/div> -->\r\n                                                                    <\/div>\r\n    <br>\r\n        <\/div>\r\n\r\n    <div class=\"col-12 col-md-6 col-lg-4\">\r\n                <div class=\"sticky\">\r\n            <div class=\"summary summary--anchors\">\r\n                <div id=\"summary-anchors\">\r\n                                            <h3>Sommaire<\/h3>\r\n                                    <\/div>\r\n            <\/div>\r\n            <div class=\"summary summary--links\">\r\n                <div class=\"summary--links-list\">\r\n                                            <h3>En savoir plus sur<\/h3>\r\n                                        <a class=\"summary--links-list--link\" href=\"https:\/\/www.comparateur.be\/assurances\/assureurs\"><span>\u200bListe des assureurs partenaires<\/span><\/a><a class=\"summary--links-list--link\" href=\"https:\/\/www.comparateur.be\/assurance-solde-restant-du\"><span>Comparez les assurances solde restant<\/span><\/a><a class=\"summary--links-list--link\" href=\"\"><span><\/span><\/a>                <\/div>\r\n            <\/div>\r\n        <\/div>\r\n    <\/div>\r\n\r\n    <\/div>\r\n    <\/div>\r\n    <!-- <\/section> -->\r\n        <\/section>\r\n\n\n\n<section id=\"heroes-simple-block_6866730189ad9\" class=\"heroes-simple hero hero--simple\">\n    <div class=\"container\">\n                <h2 class=\"heading-lg\">Souscrire une assurance solde restant d\u00fb chez Aviza<\/h2>\n                <div class=\"wysiwyg wysiwyg--narrow body-lg\">\n                        <p>\n                <p><span style=\"font-weight: 400;\">Convaincu de l&rsquo;importance d&rsquo;une bonne assurance solde restant d\u00fb\u202f? Comparez les diff\u00e9rents assureurs via Comparateur.be. Vous trouverez rapidement et facilement une assurance adapt\u00e9e \u00e0 votre situation personnelle, et \u00e9conomiserez donc peut-\u00eatre des centaines d\u2019euros.<\/span><\/p>\n            <\/p>\n                    <\/div>\n                    <div class=\"m-b-20\">\n                <a href=\"https:\/\/www.comparateur.be\/assurance-solde-restant-du\" class=\"button button--primary\" type=\"primary\">\n                    <span class=\"d-flex align-items-center\">\n                        Comparez les assurances solde restant d\u00fb                        <svg xmlns=\"http:\/\/www.w3.org\/2000\/svg\" width=\"22\" height=\"22\" viewBox=\"0 0 24 24\" fill=\"none\" class=\"arrow-right\"><path d=\"M5 12H19\" stroke-width=\"2\" stroke-linecap=\"round\" stroke-linejoin=\"round\"\/><path d=\"M12 5L19 12L12 19\" stroke-width=\"2\" stroke-linecap=\"round\" stroke-linejoin=\"round\"\/><\/svg>                    <\/span>\n                <\/a>\n            <\/div>\n                    <\/div>\n<\/section>\n\n","protected":false},"excerpt":{"rendered":"","protected":false},"author":8,"featured_media":0,"parent":939,"menu_order":0,"comment_status":"closed","ping_status":"closed","template":"","meta":{"footnotes":""},"class_list":["post-14142","page","type-page","status-publish","hentry"],"acf":[],"yoast_head":"<!-- This site is optimized with the Yoast SEO Premium plugin v23.4 (Yoast SEO v23.4) - https:\/\/yoast.com\/wordpress\/plugins\/seo\/ -->\n<title>Aviza Insurance - Assureurs - Comparateur.be<\/title>\n<meta name=\"description\" content=\"Vous cherchez une assurance solde restant d\u00fb ? D\u00e9couvrez Aviza Insurance comme votre assureur fiable.\" \/>\n<meta name=\"robots\" content=\"index, follow, max-snippet:-1, max-image-preview:large, max-video-preview:-1\" \/>\n<link rel=\"canonical\" href=\"https:\/\/www.comparateur.be\/assurances\/assureurs\/aviza-insurance\" \/>\n<meta property=\"og:locale\" content=\"fr_FR\" \/>\n<meta property=\"og:type\" content=\"article\" \/>\n<meta property=\"og:title\" content=\"Aviza Insurance\" \/>\n<meta property=\"og:description\" content=\"Vous cherchez une assurance solde restant d\u00fb ? D\u00e9couvrez Aviza Insurance comme votre assureur fiable.\" \/>\n<meta property=\"og:url\" content=\"https:\/\/www.comparateur.be\/assurances\/assureurs\/aviza-insurance\" \/>\n<meta property=\"og:site_name\" content=\"Comparateur.be\" \/>\n<meta property=\"article:publisher\" content=\"https:\/\/www.facebook.com\/Mijnvergelijker\/\" \/>\n<meta property=\"article:modified_time\" content=\"2025-07-28T09:02:12+00:00\" \/>\n<meta property=\"og:image\" content=\"https:\/\/www.comparateur.be\/wordpress\/wp-content\/uploads\/2024\/09\/Algemeen_met-slogan_NL@.png\" \/>\n\t<meta property=\"og:image:width\" content=\"2444\" \/>\n\t<meta property=\"og:image:height\" content=\"418\" \/>\n\t<meta property=\"og:image:type\" content=\"image\/png\" \/>\n<meta name=\"twitter:card\" content=\"summary_large_image\" \/>\n<script type=\"application\/ld+json\" class=\"yoast-schema-graph\">{\"@context\":\"https:\/\/schema.org\",\"@graph\":[{\"@type\":\"WebPage\",\"@id\":\"https:\/\/www.comparateur.be\/assurances\/assureurs\/aviza-insurance\",\"url\":\"https:\/\/www.comparateur.be\/assurances\/assureurs\/aviza-insurance\",\"name\":\"Aviza Insurance - Assureurs - Comparateur.be\",\"isPartOf\":{\"@id\":\"https:\/\/www.comparateur.be\/#website\"},\"datePublished\":\"2025-07-28T07:10:19+00:00\",\"dateModified\":\"2025-07-28T09:02:12+00:00\",\"description\":\"Vous cherchez une assurance solde restant d\u00fb ? D\u00e9couvrez Aviza Insurance comme votre assureur fiable.\",\"breadcrumb\":{\"@id\":\"https:\/\/www.comparateur.be\/assurances\/assureurs\/aviza-insurance#breadcrumb\"},\"inLanguage\":\"fr-BE\",\"potentialAction\":[{\"@type\":\"ReadAction\",\"target\":[\"https:\/\/www.comparateur.be\/assurances\/assureurs\/aviza-insurance\"]}]},{\"@type\":\"BreadcrumbList\",\"@id\":\"https:\/\/www.comparateur.be\/assurances\/assureurs\/aviza-insurance#breadcrumb\",\"itemListElement\":[{\"@type\":\"ListItem\",\"position\":1,\"name\":\"Home\",\"item\":\"https:\/\/www.comparateur.be\/\"},{\"@type\":\"ListItem\",\"position\":2,\"name\":\"Assurances\",\"item\":\"https:\/\/www.comparateur.be\/assurances\"},{\"@type\":\"ListItem\",\"position\":3,\"name\":\"Assureurs\",\"item\":\"https:\/\/www.comparateur.be\/assurances\/assureurs\"},{\"@type\":\"ListItem\",\"position\":4,\"name\":\"Aviza Insurance\"}]},{\"@type\":\"WebSite\",\"@id\":\"https:\/\/www.comparateur.be\/#website\",\"url\":\"https:\/\/www.comparateur.be\/\",\"name\":\"MIjnvergelijker.be\",\"description\":\"\",\"publisher\":{\"@id\":\"https:\/\/www.comparateur.be\/#organization\"},\"potentialAction\":[{\"@type\":\"SearchAction\",\"target\":{\"@type\":\"EntryPoint\",\"urlTemplate\":\"https:\/\/www.comparateur.be\/?s={search_term_string}\"},\"query-input\":\"required name=search_term_string\"}],\"inLanguage\":\"fr-BE\"},{\"@type\":\"Organization\",\"@id\":\"https:\/\/www.comparateur.be\/#organization\",\"name\":\"Comparateur.be\",\"url\":\"https:\/\/www.comparateur.be\/\",\"logo\":{\"@type\":\"ImageObject\",\"inLanguage\":\"fr-BE\",\"@id\":\"https:\/\/www.comparateur.be\/#\/schema\/logo\/image\/\",\"url\":\"https:\/\/www.comparateur.be\/wordpress\/wp-content\/uploads\/2024\/09\/Algemeen_met-slogan_NL@.png\",\"contentUrl\":\"https:\/\/www.comparateur.be\/wordpress\/wp-content\/uploads\/2024\/09\/Algemeen_met-slogan_NL@.png\",\"width\":2444,\"height\":418,\"caption\":\"Comparateur.be\"},\"image\":{\"@id\":\"https:\/\/www.comparateur.be\/#\/schema\/logo\/image\/\"},\"sameAs\":[\"https:\/\/www.facebook.com\/Mijnvergelijker\/\"]}]}<\/script>\n<!-- \/ Yoast SEO Premium plugin. -->","yoast_head_json":{"title":"Aviza Insurance - Assureurs - Comparateur.be","description":"Vous cherchez une assurance solde restant d\u00fb ? D\u00e9couvrez Aviza Insurance comme votre assureur fiable.","robots":{"index":"index","follow":"follow","max-snippet":"max-snippet:-1","max-image-preview":"max-image-preview:large","max-video-preview":"max-video-preview:-1"},"canonical":"https:\/\/www.comparateur.be\/assurances\/assureurs\/aviza-insurance","og_locale":"fr_FR","og_type":"article","og_title":"Aviza Insurance","og_description":"Vous cherchez une assurance solde restant d\u00fb ? D\u00e9couvrez Aviza Insurance comme votre assureur fiable.","og_url":"https:\/\/www.comparateur.be\/assurances\/assureurs\/aviza-insurance","og_site_name":"Comparateur.be","article_publisher":"https:\/\/www.facebook.com\/Mijnvergelijker\/","article_modified_time":"2025-07-28T09:02:12+00:00","og_image":[{"width":2444,"height":418,"url":"https:\/\/www.comparateur.be\/wordpress\/wp-content\/uploads\/2024\/09\/Algemeen_met-slogan_NL@.png","type":"image\/png"}],"twitter_card":"summary_large_image","schema":{"@context":"https:\/\/schema.org","@graph":[{"@type":"WebPage","@id":"https:\/\/www.comparateur.be\/assurances\/assureurs\/aviza-insurance","url":"https:\/\/www.comparateur.be\/assurances\/assureurs\/aviza-insurance","name":"Aviza Insurance - Assureurs - Comparateur.be","isPartOf":{"@id":"https:\/\/www.comparateur.be\/#website"},"datePublished":"2025-07-28T07:10:19+00:00","dateModified":"2025-07-28T09:02:12+00:00","description":"Vous cherchez une assurance solde restant d\u00fb ? D\u00e9couvrez Aviza Insurance comme votre assureur fiable.","breadcrumb":{"@id":"https:\/\/www.comparateur.be\/assurances\/assureurs\/aviza-insurance#breadcrumb"},"inLanguage":"fr-BE","potentialAction":[{"@type":"ReadAction","target":["https:\/\/www.comparateur.be\/assurances\/assureurs\/aviza-insurance"]}]},{"@type":"BreadcrumbList","@id":"https:\/\/www.comparateur.be\/assurances\/assureurs\/aviza-insurance#breadcrumb","itemListElement":[{"@type":"ListItem","position":1,"name":"Home","item":"https:\/\/www.comparateur.be\/"},{"@type":"ListItem","position":2,"name":"Assurances","item":"https:\/\/www.comparateur.be\/assurances"},{"@type":"ListItem","position":3,"name":"Assureurs","item":"https:\/\/www.comparateur.be\/assurances\/assureurs"},{"@type":"ListItem","position":4,"name":"Aviza Insurance"}]},{"@type":"WebSite","@id":"https:\/\/www.comparateur.be\/#website","url":"https:\/\/www.comparateur.be\/","name":"MIjnvergelijker.be","description":"","publisher":{"@id":"https:\/\/www.comparateur.be\/#organization"},"potentialAction":[{"@type":"SearchAction","target":{"@type":"EntryPoint","urlTemplate":"https:\/\/www.comparateur.be\/?s={search_term_string}"},"query-input":"required name=search_term_string"}],"inLanguage":"fr-BE"},{"@type":"Organization","@id":"https:\/\/www.comparateur.be\/#organization","name":"Comparateur.be","url":"https:\/\/www.comparateur.be\/","logo":{"@type":"ImageObject","inLanguage":"fr-BE","@id":"https:\/\/www.comparateur.be\/#\/schema\/logo\/image\/","url":"https:\/\/www.comparateur.be\/wordpress\/wp-content\/uploads\/2024\/09\/Algemeen_met-slogan_NL@.png","contentUrl":"https:\/\/www.comparateur.be\/wordpress\/wp-content\/uploads\/2024\/09\/Algemeen_met-slogan_NL@.png","width":2444,"height":418,"caption":"Comparateur.be"},"image":{"@id":"https:\/\/www.comparateur.be\/#\/schema\/logo\/image\/"},"sameAs":["https:\/\/www.facebook.com\/Mijnvergelijker\/"]}]}},"_links":{"self":[{"href":"https:\/\/www.comparateur.be\/wordpress\/wp-json\/wp\/v2\/pages\/14142"}],"collection":[{"href":"https:\/\/www.comparateur.be\/wordpress\/wp-json\/wp\/v2\/pages"}],"about":[{"href":"https:\/\/www.comparateur.be\/wordpress\/wp-json\/wp\/v2\/types\/page"}],"author":[{"embeddable":true,"href":"https:\/\/www.comparateur.be\/wordpress\/wp-json\/wp\/v2\/users\/8"}],"replies":[{"embeddable":true,"href":"https:\/\/www.comparateur.be\/wordpress\/wp-json\/wp\/v2\/comments?post=14142"}],"version-history":[{"count":4,"href":"https:\/\/www.comparateur.be\/wordpress\/wp-json\/wp\/v2\/pages\/14142\/revisions"}],"predecessor-version":[{"id":14171,"href":"https:\/\/www.comparateur.be\/wordpress\/wp-json\/wp\/v2\/pages\/14142\/revisions\/14171"}],"up":[{"embeddable":true,"href":"https:\/\/www.comparateur.be\/wordpress\/wp-json\/wp\/v2\/pages\/939"}],"wp:attachment":[{"href":"https:\/\/www.comparateur.be\/wordpress\/wp-json\/wp\/v2\/media?parent=14142"}],"curies":[{"name":"wp","href":"https:\/\/api.w.org\/{rel}","templated":true}]}}